Last updated on 2024-08-16 01:48:30 CEST.
Flavor | Version | Tinstall | Tcheck | Ttotal | Status | Flags |
---|---|---|---|---|---|---|
r-devel-linux-x86_64-debian-clang | 1.1.0 | 2.55 | 24.25 | 26.80 | OK | |
r-devel-linux-x86_64-debian-gcc | 1.1.0 | 1.80 | 18.72 | 20.52 | OK | |
r-devel-linux-x86_64-fedora-clang | 1.1.0 | 42.43 | NOTE | |||
r-devel-linux-x86_64-fedora-gcc | 1.1.0 | 42.65 | NOTE | |||
r-devel-windows-x86_64 | 1.1.0 | 4.00 | 45.00 | 49.00 | OK | |
r-patched-linux-x86_64 | 1.1.0 | 2.02 | 23.11 | 25.13 | OK | |
r-release-linux-x86_64 | 1.1.0 | 2.36 | 23.03 | 25.39 | OK | |
r-release-macos-arm64 | 1.1.0 | 17.00 | OK | |||
r-release-macos-x86_64 | 1.1.0 | 29.00 | OK | |||
r-release-windows-x86_64 | 1.1.0 | 4.00 | 44.00 | 48.00 | OK | |
r-oldrel-macos-arm64 | 1.1.0 | 19.00 | OK | |||
r-oldrel-macos-x86_64 | 1.1.0 | 24.00 | OK | |||
r-oldrel-windows-x86_64 | 1.1.0 | 5.00 | 49.00 | 54.00 | OK |
Version: 1.1.0
Check: dependencies in R code
Result: NOTE
Namespaces in Imports field not imported from:
‘dplyr’ ‘magrittr’ ‘psych’ ‘stringr’
All declared Imports should be used.
Flavors: r-devel-linux-x86_64-fedora-clang, r-devel-linux-x86_64-fedora-gcc