Last updated on 2025-05-11 01:49:48 CEST.
Flavor | Version | Tinstall | Tcheck | Ttotal | Status | Flags |
---|---|---|---|---|---|---|
r-devel-linux-x86_64-debian-clang | 0.0.5 | 19.08 | 156.46 | 175.54 | OK | |
r-devel-linux-x86_64-debian-gcc | 0.0.5 | 14.08 | 114.90 | 128.98 | OK | |
r-devel-linux-x86_64-fedora-clang | 0.0.5 | 285.95 | OK | |||
r-devel-linux-x86_64-fedora-gcc | 0.0.5 | 262.21 | OK | |||
r-devel-windows-x86_64 | 0.0.5 | 20.00 | 141.00 | 161.00 | OK | |
r-patched-linux-x86_64 | 0.0.5 | 18.97 | 147.02 | 165.99 | OK | |
r-release-linux-x86_64 | 0.0.5 | 19.40 | 146.60 | 166.00 | OK | |
r-release-macos-arm64 | 0.0.5 | 64.00 | OK | |||
r-release-macos-x86_64 | 0.0.5 | 130.00 | OK | |||
r-release-windows-x86_64 | 0.0.5 | 20.00 | 140.00 | 160.00 | OK | |
r-oldrel-macos-arm64 | 0.0.5 | 66.00 | NOTE | |||
r-oldrel-macos-x86_64 | 0.0.5 | 105.00 | NOTE | |||
r-oldrel-windows-x86_64 | 0.0.5 | 28.00 | 180.00 | 208.00 | NOTE |
Version: 0.0.5
Check: LazyData
Result: NOTE
'LazyData' is specified without a 'data' directory
Flavors: r-oldrel-macos-arm64, r-oldrel-macos-x86_64, r-oldrel-windows-x86_64