Last updated on 2024-08-16 01:48:30 CEST.
Flavor | Version | Tinstall | Tcheck | Ttotal | Status | Flags |
---|---|---|---|---|---|---|
r-devel-linux-x86_64-debian-clang | 1.1.1 | 44.68 | 28.61 | 73.29 | NOTE | |
r-devel-linux-x86_64-debian-gcc | 1.1.1 | 24.64 | 22.58 | 47.22 | NOTE | |
r-devel-linux-x86_64-fedora-clang | 1.1.1 | 109.07 | NOTE | |||
r-devel-linux-x86_64-fedora-gcc | 1.1.1 | 128.14 | NOTE | |||
r-devel-windows-x86_64 | 1.1.1 | 34.00 | 71.00 | 105.00 | NOTE | |
r-patched-linux-x86_64 | 1.1.1 | 36.36 | 27.79 | 64.15 | NOTE | |
r-release-linux-x86_64 | 1.1.1 | 33.25 | 27.79 | 61.04 | NOTE | |
r-release-macos-arm64 | 1.1.1 | 38.00 | NOTE | |||
r-release-macos-x86_64 | 1.1.1 | 48.00 | NOTE | |||
r-release-windows-x86_64 | 1.1.1 | 35.00 | 66.00 | 101.00 | NOTE | |
r-oldrel-macos-arm64 | 1.1.1 | 37.00 | NOTE | |||
r-oldrel-macos-x86_64 | 1.1.1 | 59.00 | NOTE | |||
r-oldrel-windows-x86_64 | 1.1.1 | 42.00 | 81.00 | 123.00 | NOTE |
Version: 1.1.1
Check: C++ specification
Result: NOTE
Specified C++11: please drop specification unless essential
Flavors: r-devel-linux-x86_64-debian-clang, r-devel-linux-x86_64-debian-gcc, r-devel-linux-x86_64-fedora-clang, r-devel-linux-x86_64-fedora-gcc, r-devel-windows-x86_64, r-patched-linux-x86_64, r-release-linux-x86_64, r-release-macos-arm64, r-release-macos-x86_64, r-release-windows-x86_64, r-oldrel-macos-arm64, r-oldrel-macos-x86_64, r-oldrel-windows-x86_64