CRAN Package Check Results for Package SOFIA

Last updated on 2025-11-25 02:50:41 CET.

Flavor Version Tinstall Tcheck Ttotal Status Flags
r-devel-linux-x86_64-debian-clang 1.0 2.54 23.07 25.61 NOTE
r-devel-linux-x86_64-debian-gcc 1.0 1.82 18.79 20.61 NOTE
r-devel-linux-x86_64-fedora-clang 1.0 36.79 OK
r-devel-linux-x86_64-fedora-gcc 1.0 35.25 OK
r-devel-windows-x86_64 1.0 4.00 41.00 45.00 OK
r-patched-linux-x86_64 1.0 2.29 21.67 23.96 OK
r-release-linux-x86_64 1.0 2.33 21.93 24.26 OK
r-release-macos-arm64 1.0 OK
r-release-macos-x86_64 1.0 3.00 24.00 27.00 OK
r-release-windows-x86_64 1.0 4.00 40.00 44.00 OK
r-oldrel-macos-arm64 1.0 OK
r-oldrel-macos-x86_64 1.0 2.00 22.00 24.00 OK
r-oldrel-windows-x86_64 1.0 4.00 40.00 44.00 OK

Check Details

Version: 1.0
Check: CRAN incoming feasibility
Result: NOTE Maintainer: ‘Luis Diaz-Garcia <diazgarcia@wisc.edu>’ No Authors@R field in DESCRIPTION. Please add one, modifying Authors@R: person(given = "Luis", family = "Diaz-Garcia", role = c("aut", "cre"), email = "diazgarcia@wisc.edu") as necessary. Package CITATION file contains call(s) to old-style citEntry(). Please use bibentry() instead. Flavors: r-devel-linux-x86_64-debian-clang, r-devel-linux-x86_64-debian-gcc