Last updated on 2024-04-18 01:55:35 CEST.
Flavor | Version | Tinstall | Tcheck | Ttotal | Status | Flags |
---|---|---|---|---|---|---|
r-devel-linux-x86_64-debian-clang | 1.2.0 | 28.17 | 593.13 | 621.30 | OK | |
r-devel-linux-x86_64-debian-gcc | 1.2.0 | 25.47 | 475.25 | 500.72 | OK | |
r-devel-linux-x86_64-fedora-clang | 1.2.0 | 809.11 | NOTE | |||
r-devel-linux-x86_64-fedora-gcc | 1.2.0 | 900.56 | NOTE | |||
r-prerel-macos-arm64 | 1.2.0 | 284.00 | OK | |||
r-prerel-windows-x86_64 | 1.2.0 | 29.00 | 637.00 | 666.00 | OK | |
r-patched-linux-x86_64 | 1.2.0 | 27.65 | 641.21 | 668.86 | OK | |
r-release-linux-x86_64 | 1.2.0 | 21.63 | 661.15 | 682.78 | OK | |
r-release-macos-arm64 | 1.2.0 | 350.00 | OK | |||
r-release-macos-x86_64 | 1.2.0 | 502.00 | OK | |||
r-release-windows-x86_64 | 1.2.0 | 33.00 | 718.00 | 751.00 | OK | |
r-oldrel-macos-arm64 | 1.2.0 | 292.00 | NOTE | |||
r-oldrel-windows-x86_64 | 1.2.0 | 32.00 | 736.00 | 768.00 | OK |
Version: 1.2.0
Check: dependencies in R code
Result: NOTE
Namespaces in Imports field not imported from:
‘future’ ‘geosphere’ ‘lubridate’ ‘tidyverse’ ‘viridis’
All declared Imports should be used.
Flavors: r-devel-linux-x86_64-fedora-clang, r-devel-linux-x86_64-fedora-gcc, r-oldrel-macos-arm64