Last updated on 2023-06-05 01:52:18 CEST.
Flavor | Version | Tinstall | Tcheck | Ttotal | Status | Flags |
---|---|---|---|---|---|---|
r-devel-linux-x86_64-debian-clang | 1.2.0 | 28.76 | 622.90 | 651.66 | OK | |
r-devel-linux-x86_64-debian-gcc | 1.2.0 | 23.83 | 503.16 | 526.99 | OK | |
r-devel-linux-x86_64-fedora-clang | 1.2.0 | 798.32 | NOTE | |||
r-devel-linux-x86_64-fedora-gcc | 1.2.0 | 899.28 | NOTE | |||
r-devel-windows-x86_64 | 1.2.0 | 26.00 | 665.00 | 691.00 | OK | |
r-patched-linux-x86_64 | 1.2.0 | 34.00 | 687.60 | 721.60 | OK | |
r-release-linux-x86_64 | 1.2.0 | 19.41 | 692.86 | 712.27 | OK | |
r-release-macos-arm64 | 1.2.0 | 350.00 | OK | |||
r-release-macos-x86_64 | 1.2.0 | 502.00 | OK | |||
r-release-windows-x86_64 | 1.2.0 | 35.00 | 721.00 | 756.00 | OK | |
r-oldrel-macos-arm64 | 1.2.0 | 292.00 | NOTE | |||
r-oldrel-macos-x86_64 | 1.2.0 | 337.00 | NOTE | |||
r-oldrel-windows-x86_64 | 1.2.0 | 31.00 | 722.00 | 753.00 | OK |
Version: 1.2.0
Check: dependencies in R code
Result: NOTE
Namespaces in Imports field not imported from:
‘future’ ‘geosphere’ ‘lubridate’ ‘tidyverse’ ‘viridis’
All declared Imports should be used.
Flavors: r-devel-linux-x86_64-fedora-clang, r-devel-linux-x86_64-fedora-gcc, r-oldrel-macos-arm64, r-oldrel-macos-x86_64