Last updated on 2024-03-28 01:54:12 CET.
Flavor | Version | Tinstall | Tcheck | Ttotal | Status | Flags |
---|---|---|---|---|---|---|
r-devel-linux-x86_64-debian-clang | 1.19.52 | 66.80 | 203.82 | 270.62 | OK | |
r-devel-linux-x86_64-debian-gcc | 1.19.52 | 59.06 | 152.89 | 211.95 | OK | |
r-devel-linux-x86_64-fedora-clang | 1.19.52 | 374.56 | OK | |||
r-devel-linux-x86_64-fedora-gcc | 1.19.52 | 358.92 | OK | |||
r-devel-windows-x86_64 | 1.19.52 | 63.00 | 179.00 | 242.00 | OK | |
r-patched-linux-x86_64 | 1.19.52 | 75.02 | 197.25 | 272.27 | OK | |
r-release-linux-x86_64 | 1.19.52 | 67.61 | 196.08 | 263.69 | OK | |
r-release-macos-arm64 | 1.19.52 | 123.00 | OK | |||
r-release-macos-x86_64 | 1.19.52 | 188.00 | NOTE | |||
r-release-windows-x86_64 | 1.19.52 | 86.00 | 223.00 | 309.00 | OK | |
r-oldrel-macos-arm64 | 1.19.52 | 123.00 | OK | |||
r-oldrel-windows-x86_64 | 1.19.52 | 91.00 | 224.00 | 315.00 | OK |
Version: 1.19.52
Check: installed package size
Result: NOTE
installed size is 5.4Mb
sub-directories of 1Mb or more:
data 4.7Mb
Flavor: r-release-macos-x86_64