Last updated on 2024-07-27 01:53:24 CEST.
Flavor | Version | Tinstall | Tcheck | Ttotal | Status | Flags |
---|---|---|---|---|---|---|
r-devel-linux-x86_64-debian-clang | 1.4.2 | 18.62 | 390.08 | 408.70 | OK | |
r-devel-linux-x86_64-debian-gcc | 1.4.2 | 11.80 | 275.46 | 287.26 | NOTE | |
r-devel-linux-x86_64-fedora-clang | 1.4.2 | 530.17 | OK | |||
r-devel-linux-x86_64-fedora-gcc | 1.4.2 | 458.70 | OK | |||
r-devel-windows-x86_64 | 1.4.2 | 14.00 | 359.00 | 373.00 | NOTE | |
r-patched-linux-x86_64 | 1.4.2 | OK | ||||
r-release-linux-x86_64 | 1.4.2 | 10.03 | 350.73 | 360.76 | OK | |
r-release-macos-arm64 | 1.4.2 | 183.00 | OK | |||
r-release-macos-x86_64 | 1.4.2 | 395.00 | OK | |||
r-release-windows-x86_64 | 1.4.2 | 15.00 | 361.00 | 376.00 | OK | |
r-oldrel-macos-arm64 | 1.4.2 | 173.00 | OK | |||
r-oldrel-macos-x86_64 | 1.4.2 | 407.00 | OK | |||
r-oldrel-windows-x86_64 | 1.4.2 | 20.00 | 418.00 | 438.00 | OK |
Version: 1.4.2
Check: Rd cross-references
Result: NOTE
Found the following Rd file(s) with Rd \link{} targets missing package
anchors:
plot.Rd: viridis
Please provide package anchors for all Rd \link{} targets not in the
package itself and the base packages.
Flavors: r-devel-linux-x86_64-debian-gcc, r-devel-windows-x86_64