CRAN Package Check Results for Package SSDforR

Last updated on 2020-04-07 07:48:45 CEST.

Flavor Version Tinstall Tcheck Ttotal Status Flags
r-devel-linux-x86_64-debian-clang 1.5.12 18.90 112.85 131.75 OK
r-devel-linux-x86_64-debian-gcc 1.5.12 14.64 86.55 101.19 OK
r-devel-linux-x86_64-fedora-clang 1.5.12 159.30 OK
r-devel-linux-x86_64-fedora-gcc 1.5.12 158.73 OK
r-devel-windows-ix86+x86_64 1.5.12 54.00 194.00 248.00 OK
r-devel-windows-ix86+x86_64-gcc8 1.5.12 25.00 119.00 144.00 OK
r-patched-linux-x86_64 1.5.12 18.57 109.14 127.71 OK
r-patched-solaris-x86 1.5.12 243.90 OK
r-release-linux-x86_64 1.5.12 15.29 100.26 115.55 OK
r-release-windows-ix86+x86_64 1.5.12 41.00 201.00 242.00 OK
r-release-osx-x86_64 1.5.12 WARN
r-oldrel-windows-ix86+x86_64 1.5.12 18.00 109.00 127.00 OK
r-oldrel-osx-x86_64 1.5.12 WARN

Check Details

Version: 1.5.12
Check: dependencies in R code
Result: NOTE
    No protocol specified
    No protocol specified
Flavors: r-release-osx-x86_64, r-oldrel-osx-x86_64

Version: 1.5.12
Check: S3 generic/method consistency
Result: WARN
    No protocol specified
    No protocol specified
    See section ‘Generic functions and methods’ in the ‘Writing R
    Extensions’ manual.
Flavors: r-release-osx-x86_64, r-oldrel-osx-x86_64

Version: 1.5.12
Check: replacement functions
Result: WARN
    No protocol specified
    No protocol specified
    The argument of a replacement function which corresponds to the right
    hand side must be named ‘value’.
Flavors: r-release-osx-x86_64, r-oldrel-osx-x86_64

Version: 1.5.12
Check: foreign function calls
Result: NOTE
    No protocol specified
    No protocol specified
    See chapter ‘System and foreign language interfaces’ in the ‘Writing R
    Extensions’ manual.
Flavors: r-release-osx-x86_64, r-oldrel-osx-x86_64

Version: 1.5.12
Check: R code for possible problems
Result: NOTE
    No protocol specified
    No protocol specified
Flavors: r-release-osx-x86_64, r-oldrel-osx-x86_64

Version: 1.5.12
Check: for missing documentation entries
Result: WARN
    No protocol specified
    No protocol specified
    All user-level objects in a package should have documentation entries.
    See chapter ‘Writing R documentation files’ in the ‘Writing R
    Extensions’ manual.
Flavors: r-release-osx-x86_64, r-oldrel-osx-x86_64

Version: 1.5.12
Check: for code/documentation mismatches
Result: WARN
    No protocol specified
    No protocol specified
    No protocol specified
    No protocol specified
    No protocol specified
    No protocol specified
Flavors: r-release-osx-x86_64, r-oldrel-osx-x86_64

Version: 1.5.12
Check: Rd \usage sections
Result: NOTE
    No protocol specified
    No protocol specified
    The \usage entries for S3 methods should use the \method markup and not
    their full name.
    See chapter ‘Writing R documentation files’ in the ‘Writing R
    Extensions’ manual.
Flavors: r-release-osx-x86_64, r-oldrel-osx-x86_64