Last updated on 2024-05-07 01:53:31 CEST.
Flavor | Version | Tinstall | Tcheck | Ttotal | Status | Flags |
---|---|---|---|---|---|---|
r-devel-linux-x86_64-debian-clang | 0.5.8 | 0.50 | 2.03 | 2.53 | ERROR | |
r-devel-linux-x86_64-debian-gcc | 0.5.8 | 35.32 | 332.32 | 367.64 | NOTE | |
r-devel-linux-x86_64-fedora-clang | 0.5.8 | 674.07 | NOTE | |||
r-devel-linux-x86_64-fedora-gcc | 0.5.8 | 716.72 | NOTE | |||
r-devel-windows-x86_64 | 0.5.8 | 44.00 | 313.00 | 357.00 | NOTE | |
r-patched-linux-x86_64 | 0.5.8 | 42.75 | 428.41 | 471.16 | NOTE | |
r-release-linux-x86_64 | 0.5.8 | 29.85 | 426.37 | 456.22 | NOTE | |
r-release-macos-arm64 | 0.5.8 | 154.00 | NOTE | |||
r-release-macos-x86_64 | 0.5.8 | 310.00 | NOTE | |||
r-release-windows-x86_64 | 0.5.8 | 44.00 | 316.00 | 360.00 | NOTE | |
r-oldrel-macos-arm64 | 0.5.8 | 161.00 | NOTE | |||
r-oldrel-macos-x86_64 | 0.5.8 | 259.00 | NOTE | |||
r-oldrel-windows-x86_64 | 0.5.8 | 59.00 | 429.00 | 488.00 | NOTE |
Version: 0.5.8
Check: package dependencies
Result: ERROR
Package required but not available: ‘ShortRead’
Package suggested but not available for checking: ‘STRaitRazoR’
See section ‘The DESCRIPTION file’ in the ‘Writing R Extensions’
manual.
Flavor: r-devel-linux-x86_64-debian-clang
Version: 0.5.8
Check: package dependencies
Result: NOTE
Package suggested but not available for checking: ‘STRaitRazoR’
Flavors: r-devel-linux-x86_64-debian-gcc, r-devel-linux-x86_64-fedora-clang, r-devel-linux-x86_64-fedora-gcc, r-devel-windows-x86_64, r-patched-linux-x86_64, r-release-linux-x86_64, r-release-macos-arm64, r-release-macos-x86_64, r-release-windows-x86_64, r-oldrel-macos-arm64, r-oldrel-macos-x86_64, r-oldrel-windows-x86_64