Last updated on 2024-08-16 01:48:31 CEST.
Flavor | Version | Tinstall | Tcheck | Ttotal | Status | Flags |
---|---|---|---|---|---|---|
r-devel-linux-x86_64-debian-clang | 1.4.0 | 48.09 | 323.12 | 371.21 | NOTE | |
r-devel-linux-x86_64-debian-gcc | 1.4.0 | 27.34 | 199.14 | 226.48 | NOTE | |
r-devel-linux-x86_64-fedora-clang | 1.4.0 | 635.69 | NOTE | |||
r-devel-linux-x86_64-fedora-gcc | 1.4.0 | 618.18 | OK | |||
r-devel-windows-x86_64 | 1.4.0 | 45.00 | 269.00 | 314.00 | NOTE | |
r-patched-linux-x86_64 | 1.4.0 | 45.45 | 302.45 | 347.90 | NOTE | |
r-release-linux-x86_64 | 1.4.0 | 43.56 | 302.69 | 346.25 | NOTE | |
r-release-macos-arm64 | 1.4.0 | 120.00 | NOTE | |||
r-release-macos-x86_64 | 1.4.0 | 211.00 | NOTE | |||
r-release-windows-x86_64 | 1.4.0 | 45.00 | 263.00 | 308.00 | NOTE | |
r-oldrel-macos-arm64 | 1.4.0 | 141.00 | NOTE | |||
r-oldrel-macos-x86_64 | 1.4.0 | 293.00 | NOTE | |||
r-oldrel-windows-x86_64 | 1.4.0 | 62.00 | 370.00 | 432.00 | NOTE |
Version: 1.4.0
Check: package dependencies
Result: NOTE
Package suggested but not available for checking: ‘INLA’
Flavors: r-devel-linux-x86_64-debian-clang, r-devel-linux-x86_64-debian-gcc, r-patched-linux-x86_64, r-release-linux-x86_64, r-release-macos-arm64, r-release-macos-x86_64, r-oldrel-macos-arm64, r-oldrel-macos-x86_64, r-oldrel-windows-x86_64
Version: 1.4.0
Check: installed package size
Result: NOTE
installed size is 5.7Mb
sub-directories of 1Mb or more:
data 1.8Mb
doc 3.0Mb
Flavors: r-devel-linux-x86_64-fedora-clang, r-devel-windows-x86_64, r-release-macos-arm64, r-release-macos-x86_64, r-release-windows-x86_64, r-oldrel-macos-arm64, r-oldrel-macos-x86_64, r-oldrel-windows-x86_64