CRAN Package Check Results for Package SWMPrExtension

Last updated on 2020-08-13 19:49:35 CEST.

Flavor Version Tinstall Tcheck Ttotal Status Flags
r-devel-linux-x86_64-debian-clang 1.1.5 0.91 2.26 3.17 ERROR
r-devel-linux-x86_64-debian-gcc 1.1.5 19.39 117.84 137.23 OK
r-devel-linux-x86_64-fedora-clang 1.1.5 218.16 NOTE
r-devel-linux-x86_64-fedora-gcc 1.1.5 207.85 NOTE
r-devel-windows-ix86+x86_64 1.1.5 70.00 183.00 253.00 OK
r-patched-linux-x86_64 1.1.5 15.61 147.28 162.89 OK
r-patched-solaris-x86 1.1.5 350.60 NOTE
r-release-linux-x86_64 1.1.5 21.79 147.92 169.71 OK
r-release-macos-x86_64 1.1.5 NOTE
r-release-windows-ix86+x86_64 1.1.5 63.00 265.00 328.00 OK
r-oldrel-macos-x86_64 1.1.5 NOTE
r-oldrel-windows-ix86+x86_64 1.1.5 36.00 170.00 206.00 OK

Check Details

Version: 1.1.5
Check: package dependencies
Result: ERROR
    Packages required but not available: 'SWMPr', 'broom', 'tidyr'
    
    See section 'The DESCRIPTION file' in the 'Writing R Extensions'
    manual.
Flavor: r-devel-linux-x86_64-debian-clang

Version: 1.1.5
Check: dependencies in R code
Result: NOTE
    Namespace in Imports field not imported from: ‘rgeos’
     All declared Imports should be used.
Flavors: r-devel-linux-x86_64-fedora-clang, r-devel-linux-x86_64-fedora-gcc, r-patched-solaris-x86, r-release-macos-x86_64, r-oldrel-macos-x86_64