Last updated on 2024-08-16 01:48:31 CEST.
Flavor | Version | Tinstall | Tcheck | Ttotal | Status | Flags |
---|---|---|---|---|---|---|
r-devel-linux-x86_64-debian-clang | 1.0.3 | 4.08 | 31.76 | 35.84 | OK | |
r-devel-linux-x86_64-debian-gcc | 1.0.3 | 2.69 | 24.47 | 27.16 | OK | |
r-devel-linux-x86_64-fedora-clang | 1.0.3 | 58.17 | NOTE | |||
r-devel-linux-x86_64-fedora-gcc | 1.0.3 | 57.52 | NOTE | |||
r-devel-windows-x86_64 | 1.0.3 | 7.00 | 58.00 | 65.00 | OK | |
r-patched-linux-x86_64 | 1.0.3 | 4.64 | 29.98 | 34.62 | OK | |
r-release-linux-x86_64 | 1.0.3 | 3.94 | 29.75 | 33.69 | OK | |
r-release-macos-arm64 | 1.0.3 | 21.00 | OK | |||
r-release-macos-x86_64 | 1.0.3 | 32.00 | OK | |||
r-release-windows-x86_64 | 1.0.3 | 7.00 | 56.00 | 63.00 | OK | |
r-oldrel-macos-arm64 | 1.0.3 | 25.00 | OK | |||
r-oldrel-macos-x86_64 | 1.0.3 | 45.00 | OK | |||
r-oldrel-windows-x86_64 | 1.0.3 | 8.00 | 65.00 | 73.00 | OK |
Version: 1.0.3
Check: dependencies in R code
Result: NOTE
Namespace in Imports field not imported from: ‘prettymapr’
All declared Imports should be used.
Flavors: r-devel-linux-x86_64-fedora-clang, r-devel-linux-x86_64-fedora-gcc