Last updated on 2025-05-06 02:50:31 CEST.
Flavor | Version | Tinstall | Tcheck | Ttotal | Status | Flags |
---|---|---|---|---|---|---|
r-devel-linux-x86_64-debian-clang | 1.0.0 | 2.96 | 16.88 | 19.84 | NOTE | |
r-devel-linux-x86_64-debian-gcc | 1.0.0 | 2.46 | 14.17 | 16.63 | NOTE | |
r-devel-linux-x86_64-fedora-clang | 1.0.0 | 30.39 | OK | |||
r-devel-linux-x86_64-fedora-gcc | 1.0.0 | 28.79 | OK | |||
r-devel-windows-x86_64 | 1.0.0 | 6.00 | 36.00 | 42.00 | OK | |
r-patched-linux-x86_64 | 1.0.0 | 3.00 | 16.12 | 19.12 | OK | |
r-release-linux-x86_64 | 1.0.0 | 2.81 | 16.22 | 19.03 | OK | |
r-release-macos-arm64 | 1.0.0 | 16.00 | OK | |||
r-release-macos-x86_64 | 1.0.0 | 24.00 | OK | |||
r-release-windows-x86_64 | 1.0.0 | 7.00 | 37.00 | 44.00 | OK | |
r-oldrel-macos-arm64 | 1.0.0 | 14.00 | OK | |||
r-oldrel-macos-x86_64 | 1.0.0 | 20.00 | OK | |||
r-oldrel-windows-x86_64 | 1.0.0 | 5.00 | 36.00 | 41.00 | OK |
Version: 1.0.0
Check: CRAN incoming feasibility
Result: NOTE
Maintainer: ‘Jonathan Lisic <jlisic@gmail.com>’
No Authors@R field in DESCRIPTION.
Please add one, modifying
Authors@R: c(person(given = "Jonathan",
family = "Lisic",
role = c("aut", "cre"),
email = "jlisic@gmail.com"),
person(given = "Anton",
family = "Grafström",
role = "aut"))
as necessary.
Flavors: r-devel-linux-x86_64-debian-clang, r-devel-linux-x86_64-debian-gcc