CRAN Package Check Results for Package ScorePlus

Last updated on 2022-07-03 01:49:04 CEST.

Flavor Version Tinstall Tcheck Ttotal Status Flags
r-devel-linux-x86_64-debian-clang 0.1 6.24 69.96 76.20 NOTE
r-devel-linux-x86_64-debian-gcc 0.1 6.80 52.84 59.64 NOTE
r-devel-linux-x86_64-fedora-clang 0.1 100.87 NOTE
r-devel-linux-x86_64-fedora-gcc 0.1 99.97 NOTE
r-devel-windows-x86_64 0.1 16.00 87.00 103.00 NOTE
r-patched-linux-x86_64 0.1 8.13 65.37 73.50 NOTE
r-release-linux-x86_64 0.1 7.27 65.12 72.39 NOTE
r-release-macos-arm64 0.1 29.00 NOTE
r-release-macos-x86_64 0.1 41.00 NOTE
r-release-windows-x86_64 0.1 16.00 91.00 107.00 NOTE
r-oldrel-macos-arm64 0.1 36.00 NOTE
r-oldrel-macos-x86_64 0.1 52.00 NOTE
r-oldrel-windows-ix86+x86_64 0.1 19.00 86.00 105.00 NOTE

Check Details

Version: 0.1
Check: LazyData
Result: NOTE
     'LazyData' is specified without a 'data' directory
Flavors: r-devel-linux-x86_64-debian-clang, r-devel-linux-x86_64-debian-gcc, r-devel-linux-x86_64-fedora-clang, r-devel-linux-x86_64-fedora-gcc, r-devel-windows-x86_64, r-patched-linux-x86_64, r-release-linux-x86_64, r-release-macos-arm64, r-release-macos-x86_64, r-release-windows-x86_64, r-oldrel-macos-arm64, r-oldrel-macos-x86_64, r-oldrel-windows-ix86+x86_64