Last updated on 2024-08-16 01:48:29 CEST.
Flavor | Version | Tinstall | Tcheck | Ttotal | Status | Flags |
---|---|---|---|---|---|---|
r-devel-linux-x86_64-debian-clang | 0.0.3 | 9.99 | 71.19 | 81.18 | NOTE | |
r-devel-linux-x86_64-debian-gcc | 0.0.3 | 8.57 | 49.94 | 58.51 | NOTE | |
r-devel-linux-x86_64-fedora-clang | 0.0.3 | 137.95 | NOTE | |||
r-devel-linux-x86_64-fedora-gcc | 0.0.3 | 133.65 | NOTE | |||
r-devel-windows-x86_64 | 0.0.3 | 12.00 | 80.00 | 92.00 | NOTE | |
r-patched-linux-x86_64 | 0.0.3 | 10.00 | 67.71 | 77.71 | NOTE | |
r-release-linux-x86_64 | 0.0.3 | 9.66 | 68.17 | 77.83 | NOTE | |
r-release-macos-arm64 | 0.0.3 | 37.00 | NOTE | |||
r-release-macos-x86_64 | 0.0.3 | 59.00 | NOTE | |||
r-release-windows-x86_64 | 0.0.3 | 13.00 | 80.00 | 93.00 | NOTE | |
r-oldrel-macos-arm64 | 0.0.3 | 41.00 | NOTE | |||
r-oldrel-macos-x86_64 | 0.0.3 | 87.00 | NOTE | |||
r-oldrel-windows-x86_64 | 0.0.3 | 16.00 | 102.00 | 118.00 | NOTE |
Version: 0.0.3
Check: LazyData
Result: NOTE
'LazyData' is specified without a 'data' directory
Flavors: r-devel-linux-x86_64-debian-clang, r-devel-linux-x86_64-debian-gcc, r-devel-linux-x86_64-fedora-clang, r-devel-linux-x86_64-fedora-gcc, r-devel-windows-x86_64, r-patched-linux-x86_64, r-release-linux-x86_64, r-release-macos-arm64, r-release-macos-x86_64, r-release-windows-x86_64, r-oldrel-macos-arm64, r-oldrel-macos-x86_64, r-oldrel-windows-x86_64