CRAN Package Check Results for Package Select

Last updated on 2022-10-01 01:49:17 CEST.

Flavor Version Tinstall Tcheck Ttotal Status Flags
r-devel-linux-x86_64-debian-clang 1.4 2.13 36.40 38.53 OK
r-devel-linux-x86_64-debian-gcc 1.4 1.90 27.75 29.65 OK
r-devel-linux-x86_64-fedora-clang 1.4 61.40 NOTE
r-devel-linux-x86_64-fedora-gcc 1.4 58.64 NOTE
r-devel-windows-x86_64 1.4 8.00 70.00 78.00 OK
r-patched-linux-x86_64 1.4 2.17 34.66 36.83 OK
r-release-linux-x86_64 1.4 1.51 33.96 35.47 OK
r-release-macos-arm64 1.4 21.00 NOTE
r-release-macos-x86_64 1.4 26.00 NOTE
r-release-windows-x86_64 1.4 11.00 66.00 77.00 OK
r-oldrel-macos-arm64 1.4 30.00 NOTE
r-oldrel-macos-x86_64 1.4 33.00 NOTE
r-oldrel-windows-ix86+x86_64 1.4 6.00 61.00 67.00 OK

Check Details

Version: 1.4
Check: dependencies in R code
Result: NOTE
    Namespace in Imports field not imported from: ‘FD’
     All declared Imports should be used.
Flavors: r-devel-linux-x86_64-fedora-clang, r-devel-linux-x86_64-fedora-gcc, r-release-macos-arm64, r-release-macos-x86_64, r-oldrel-macos-arm64, r-oldrel-macos-x86_64