CRAN Package Check Results for Package SemNeT

Last updated on 2022-01-20 01:50:49 CET.

Flavor Version Tinstall Tcheck Ttotal Status Flags
r-devel-linux-x86_64-debian-clang 1.4.3 OK
r-devel-linux-x86_64-debian-gcc 1.4.3 10.18 80.73 90.91 OK
r-devel-linux-x86_64-fedora-clang 1.4.3 139.69 NOTE
r-devel-linux-x86_64-fedora-gcc 1.4.3 127.00 NOTE
r-devel-windows-x86_64-new-UL 1.4.3 100.00 139.00 239.00 OK
r-devel-windows-x86_64-new-TK 1.4.3 NOTE
r-patched-linux-x86_64 1.4.3 16.50 98.97 115.47 OK
r-release-linux-x86_64 1.4.3 OK
r-release-macos-arm64 1.4.3 NOTE
r-release-macos-x86_64 1.4.3 NOTE
r-release-windows-ix86+x86_64 1.4.3 26.00 129.00 155.00 OK
r-oldrel-macos-x86_64 1.4.3 NOTE
r-oldrel-windows-ix86+x86_64 1.4.3 25.00 127.00 152.00 OK

Check Details

Version: 1.4.3
Check: dependencies in R code
Result: NOTE
    Namespaces in Imports field not imported from:
     ‘RColorBrewer’ ‘grid’ ‘purrr’
     All declared Imports should be used.
Flavors: r-devel-linux-x86_64-fedora-clang, r-devel-linux-x86_64-fedora-gcc, r-devel-windows-x86_64-new-TK, r-release-macos-arm64, r-release-macos-x86_64, r-oldrel-macos-x86_64

Version: 1.4.3
Check: Rd cross-references
Result: NOTE
    Undeclared packages ‘NetworkToolbox’, ‘SemNetCleaner’ in Rd xrefs
Flavor: r-devel-linux-x86_64-fedora-clang