Last updated on 2024-03-28 01:54:10 CET.
Flavor | Version | Tinstall | Tcheck | Ttotal | Status | Flags |
---|---|---|---|---|---|---|
r-devel-linux-x86_64-debian-clang | 1.3.4 | 8.04 | 51.97 | 60.01 | NOTE | |
r-devel-linux-x86_64-debian-gcc | 1.3.4 | 5.46 | 38.66 | 44.12 | NOTE | |
r-devel-linux-x86_64-fedora-clang | 1.3.4 | 78.96 | NOTE | |||
r-devel-linux-x86_64-fedora-gcc | 1.3.4 | 90.71 | NOTE | |||
r-devel-windows-x86_64 | 1.3.4 | 7.00 | 61.00 | 68.00 | NOTE | |
r-patched-linux-x86_64 | 1.3.4 | 12.64 | 46.88 | 59.52 | OK | |
r-release-linux-x86_64 | 1.3.4 | 4.09 | 47.72 | 51.81 | OK | |
r-release-macos-arm64 | 1.3.4 | 34.00 | OK | |||
r-release-macos-x86_64 | 1.3.4 | 53.00 | OK | |||
r-release-windows-x86_64 | 1.3.4 | 9.00 | 64.00 | 73.00 | OK | |
r-oldrel-macos-arm64 | 1.3.4 | 25.00 | NOTE | |||
r-oldrel-windows-x86_64 | 1.3.4 | 9.00 | 69.00 | 78.00 | OK |
Version: 1.3.4
Check: Rd files
Result: NOTE
checkRd: (-1) convert2snafu.Rd:26: Lost braces in \itemize; meant \describe ?
checkRd: (-1) convert2snafu.Rd:28-29: Lost braces in \itemize; meant \describe ?
checkRd: (-1) convert2snafu.Rd:31-32: Lost braces in \itemize; meant \describe ?
checkRd: (-1) convert2snafu.Rd:34: Lost braces in \itemize; meant \describe ?
checkRd: (-1) convert2snafu.Rd:36: Lost braces in \itemize; meant \describe ?
checkRd: (-1) convert2snafu.Rd:38: Lost braces in \itemize; meant \describe ?
checkRd: (-1) convert2snafu.Rd:40-41: Lost braces in \itemize; meant \describe ?
checkRd: (-1) correct.changes.Rd:24-25: Lost braces in \itemize; \value handles \item{}{} directly
checkRd: (-1) correct.changes.Rd:28-29: Lost braces in \itemize; \value handles \item{}{} directly
checkRd: (-1) correct.changes.Rd:40: Lost braces in \itemize; \value handles \item{}{} directly
checkRd: (-1) correct.changes.Rd:43: Lost braces in \itemize; \value handles \item{}{} directly
checkRd: (-1) correct.changes.Rd:46: Lost braces in \itemize; \value handles \item{}{} directly
checkRd: (-1) correct.changes.Rd:57: Lost braces in \itemize; \value handles \item{}{} directly
checkRd: (-1) correct.changes.Rd:60: Lost braces in \itemize; \value handles \item{}{} directly
checkRd: (-1) textcleaner.Rd:50: Lost braces in \itemize; meant \describe ?
checkRd: (-1) textcleaner.Rd:53: Lost braces in \itemize; meant \describe ?
checkRd: (-1) textcleaner.Rd:100-101: Lost braces in \itemize; \value handles \item{}{} directly
checkRd: (-1) textcleaner.Rd:104-105: Lost braces in \itemize; \value handles \item{}{} directly
checkRd: (-1) textcleaner.Rd:116: Lost braces in \itemize; \value handles \item{}{} directly
checkRd: (-1) textcleaner.Rd:119: Lost braces in \itemize; \value handles \item{}{} directly
checkRd: (-1) textcleaner.Rd:130: Lost braces in \itemize; \value handles \item{}{} directly
checkRd: (-1) textcleaner.Rd:133: Lost braces in \itemize; \value handles \item{}{} directly
Flavors: r-devel-linux-x86_64-debian-clang, r-devel-linux-x86_64-debian-gcc, r-devel-linux-x86_64-fedora-clang, r-devel-linux-x86_64-fedora-gcc, r-devel-windows-x86_64
Version: 1.3.4
Check: dependencies in R code
Result: NOTE
Namespaces in Imports field not imported from:
‘editData’ ‘miniUI’
All declared Imports should be used.
Flavors: r-devel-linux-x86_64-fedora-clang, r-devel-linux-x86_64-fedora-gcc, r-oldrel-macos-arm64