Last updated on 2022-06-26 01:49:01 CEST.
Flavor | Version | Tinstall | Tcheck | Ttotal | Status | Flags |
---|---|---|---|---|---|---|
r-devel-linux-x86_64-debian-clang | 1.7.0 | 92.93 | 401.86 | 494.79 | OK | |
r-devel-linux-x86_64-debian-gcc | 1.7.0 | 70.67 | 300.68 | 371.35 | OK | |
r-devel-linux-x86_64-fedora-clang | 1.7.0 | 645.90 | NOTE | |||
r-devel-linux-x86_64-fedora-gcc | 1.7.0 | 618.94 | OK | |||
r-devel-windows-x86_64 | 1.7.0 | 143.00 | 460.00 | 603.00 | OK | |
r-patched-linux-x86_64 | 1.7.0 | 72.25 | 385.23 | 457.48 | OK | |
r-release-linux-x86_64 | 1.7.0 | 58.58 | 386.21 | 444.79 | OK | |
r-release-macos-arm64 | 1.7.0 | 148.00 | NOTE | |||
r-release-macos-x86_64 | 1.7.0 | 205.00 | OK | |||
r-release-windows-x86_64 | 1.7.0 | 148.00 | 479.00 | 627.00 | OK | |
r-oldrel-macos-arm64 | 1.7.0 | 5.00 | ERROR | |||
r-oldrel-macos-x86_64 | 1.7.0 | 7.00 | ERROR | |||
r-oldrel-windows-ix86+x86_64 | 1.7.0 | 205.00 | 604.00 | 809.00 | OK |
Version: 1.7.0
Check: package dependencies
Result: NOTE
Imports includes 24 non-default packages.
Importing from so many packages makes the package vulnerable to any of
them becoming unavailable. Move as many as possible to Suggests and
use conditionally.
Flavor: r-devel-linux-x86_64-fedora-clang
Version: 1.7.0
Check: package dependencies
Result: NOTE
Packages suggested but not available for checking:
'chromVAR', 'TFBSTools', 'motifmatchr'
Flavor: r-release-macos-arm64
Version: 1.7.0
Check: Rd cross-references
Result: NOTE
Packages unavailable to check Rd xrefs: ‘TFBSTools’, ‘motifmatchr’, ‘chromVAR’
Flavor: r-release-macos-arm64
Version: 1.7.0
Check: package dependencies
Result: ERROR
Package required and available but unsuitable version: ‘GenomeInfoDb’
Packages suggested but not available for checking:
'chromVAR', 'TFBSTools', 'motifmatchr'
See section ‘The DESCRIPTION file’ in the ‘Writing R Extensions’
manual.
Flavor: r-oldrel-macos-arm64
Version: 1.7.0
Check: package dependencies
Result: ERROR
Package required and available but unsuitable version: ‘GenomeInfoDb’
See section ‘The DESCRIPTION file’ in the ‘Writing R Extensions’
manual.
Flavor: r-oldrel-macos-x86_64