Last updated on 2023-05-31 01:57:26 CEST.
Flavor | Version | Tinstall | Tcheck | Ttotal | Status | Flags |
---|---|---|---|---|---|---|
r-devel-linux-x86_64-debian-clang | 0.3.9 | 85.85 | 41.97 | 127.82 | NOTE | |
r-devel-linux-x86_64-debian-gcc | 0.3.9 | 66.05 | 33.41 | 99.46 | NOTE | |
r-devel-linux-x86_64-fedora-clang | 0.3.9 | 182.43 | NOTE | |||
r-devel-linux-x86_64-fedora-gcc | 0.3.9 | 205.99 | NOTE | |||
r-devel-windows-x86_64 | 0.3.9 | 60.00 | 82.00 | 142.00 | NOTE | |
r-patched-linux-x86_64 | 0.3.9 | 73.27 | 40.18 | 113.45 | NOTE | |
r-release-linux-x86_64 | 0.3.9 | 72.07 | 40.08 | 112.15 | NOTE | |
r-release-macos-arm64 | 0.3.9 | 60.00 | NOTE | |||
r-release-macos-x86_64 | 0.3.9 | 101.00 | NOTE | |||
r-release-windows-x86_64 | 0.3.9 | 80.00 | 88.00 | 168.00 | NOTE | |
r-oldrel-macos-arm64 | 0.3.9 | 52.00 | NOTE | |||
r-oldrel-macos-x86_64 | 0.3.9 | 66.00 | NOTE | |||
r-oldrel-windows-x86_64 | 0.3.9 | 76.00 | 88.00 | 164.00 | NOTE |
Version: 0.3.9
Check: C++ specification
Result: NOTE
Specified C++11: please drop specification unless essential
Flavors: r-devel-linux-x86_64-debian-clang, r-devel-linux-x86_64-debian-gcc, r-devel-linux-x86_64-fedora-clang, r-devel-linux-x86_64-fedora-gcc, r-devel-windows-x86_64, r-patched-linux-x86_64, r-release-linux-x86_64, r-release-macos-arm64, r-release-macos-x86_64, r-release-windows-x86_64
Version: 0.3.9
Check: for GNU extensions in Makefiles
Result: NOTE
GNU make is a SystemRequirements.
Flavors: r-devel-linux-x86_64-debian-clang, r-devel-linux-x86_64-debian-gcc, r-devel-linux-x86_64-fedora-clang, r-devel-linux-x86_64-fedora-gcc, r-devel-windows-x86_64, r-patched-linux-x86_64, r-release-linux-x86_64, r-release-macos-arm64, r-release-macos-x86_64, r-release-windows-x86_64, r-oldrel-macos-arm64, r-oldrel-macos-x86_64, r-oldrel-windows-x86_64
Version: 0.3.9
Check: installed package size
Result: NOTE
installed size is 5.7Mb
sub-directories of 1Mb or more:
libs 5.3Mb
Flavors: r-release-macos-arm64, r-release-macos-x86_64, r-oldrel-macos-arm64, r-oldrel-macos-x86_64