Last updated on 2024-04-24 01:52:26 CEST.
Flavor | Version | Tinstall | Tcheck | Ttotal | Status | Flags |
---|---|---|---|---|---|---|
r-devel-linux-x86_64-debian-clang | 0.3.12 | 88.09 | 45.05 | 133.14 | NOTE | |
r-devel-linux-x86_64-debian-gcc | 0.3.12 | 64.51 | 45.00 | 109.51 | NOTE | |
r-devel-linux-x86_64-fedora-clang | 0.3.12 | 182.38 | NOTE | |||
r-devel-linux-x86_64-fedora-gcc | 0.3.12 | 197.59 | NOTE | |||
r-prerel-macos-arm64 | 0.3.12 | 47.00 | NOTE | |||
r-prerel-windows-x86_64 | 0.3.12 | 62.00 | 77.00 | 139.00 | NOTE | |
r-patched-linux-x86_64 | 0.3.12 | 75.11 | 43.09 | 118.20 | NOTE | |
r-release-linux-x86_64 | 0.3.12 | 80.98 | 40.48 | 121.46 | NOTE | |
r-release-macos-arm64 | 0.3.12 | 62.00 | NOTE | |||
r-release-macos-x86_64 | 0.3.12 | 128.00 | NOTE | |||
r-release-windows-x86_64 | 0.3.12 | 78.00 | 86.00 | 164.00 | NOTE | |
r-oldrel-macos-arm64 | 0.3.12 | 56.00 | NOTE | |||
r-oldrel-windows-x86_64 | 0.3.12 | 75.00 | 82.00 | 157.00 | NOTE |
Version: 0.3.12
Check: for GNU extensions in Makefiles
Result: NOTE
GNU make is a SystemRequirements.
Flavors: r-devel-linux-x86_64-debian-clang, r-devel-linux-x86_64-debian-gcc, r-devel-linux-x86_64-fedora-clang, r-devel-linux-x86_64-fedora-gcc, r-prerel-macos-arm64, r-prerel-windows-x86_64, r-patched-linux-x86_64, r-release-linux-x86_64, r-release-macos-arm64, r-release-macos-x86_64, r-release-windows-x86_64, r-oldrel-macos-arm64, r-oldrel-windows-x86_64
Version: 0.3.12
Check: installed package size
Result: NOTE
installed size is 5.8Mb
sub-directories of 1Mb or more:
libs 5.5Mb
Flavors: r-prerel-macos-arm64, r-release-macos-arm64, r-release-macos-x86_64, r-oldrel-macos-arm64