CRAN Package Check Results for Package SimSurvey

Last updated on 2025-04-28 01:49:58 CEST.

Flavor Version Tinstall Tcheck Ttotal Status Flags
r-devel-linux-x86_64-debian-clang 0.1.6 11.87 90.65 102.52 NOTE
r-devel-linux-x86_64-debian-gcc 0.1.6 7.55 66.82 74.37 NOTE
r-devel-linux-x86_64-fedora-clang 0.1.6 155.04 OK
r-devel-linux-x86_64-fedora-gcc 0.1.6 168.94 OK
r-devel-windows-x86_64 0.1.6 12.00 102.00 114.00 NOTE
r-patched-linux-x86_64 0.1.6 10.69 86.58 97.27 NOTE
r-release-linux-x86_64 0.1.6 11.33 87.16 98.49 NOTE
r-release-macos-arm64 0.1.6 56.00 OK
r-release-macos-x86_64 0.1.6 101.00 OK
r-release-windows-x86_64 0.1.6 13.00 101.00 114.00 NOTE
r-oldrel-macos-arm64 0.1.6 51.00 NOTE
r-oldrel-macos-x86_64 0.1.6 75.00 NOTE
r-oldrel-windows-x86_64 0.1.6 17.00 124.00 141.00 OK

Check Details

Version: 0.1.6
Check: Rd cross-references
Result: NOTE Found the following Rd file(s) with Rd \link{} targets missing package anchors: land.Rd: getData Please provide package anchors for all Rd \link{} targets not in the package itself and the base packages. Flavors: r-devel-linux-x86_64-debian-clang, r-devel-linux-x86_64-debian-gcc, r-devel-windows-x86_64, r-patched-linux-x86_64, r-release-linux-x86_64, r-release-windows-x86_64

Version: 0.1.6
Check: package dependencies
Result: NOTE Package suggested but not available for checking: ‘INLA’ Flavors: r-oldrel-macos-arm64, r-oldrel-macos-x86_64