CRAN Package Check Results for Package SimTimeVar

Last updated on 2020-01-22 15:49:21 CET.

Flavor Version Tinstall Tcheck Ttotal Status Flags
r-devel-linux-x86_64-debian-clang 1.0.0 6.17 46.70 52.87 OK
r-devel-linux-x86_64-debian-gcc 1.0.0 4.50 35.84 40.34 OK
r-devel-linux-x86_64-fedora-clang 1.0.0 62.34 NOTE
r-devel-linux-x86_64-fedora-gcc 1.0.0 60.24 NOTE
r-devel-windows-ix86+x86_64 1.0.0 27.00 102.00 129.00 OK
r-devel-windows-ix86+x86_64-gcc8 1.0.0 31.00 68.00 99.00 OK
r-patched-linux-x86_64 1.0.0 3.87 41.01 44.88 OK
r-patched-solaris-x86 1.0.0 90.30 NOTE
r-release-linux-x86_64 1.0.0 4.95 41.31 46.26 OK
r-release-windows-ix86+x86_64 1.0.0 14.00 86.00 100.00 OK
r-release-osx-x86_64 1.0.0 NOTE
r-oldrel-windows-ix86+x86_64 1.0.0 8.00 56.00 64.00 OK
r-oldrel-osx-x86_64 1.0.0 NOTE

Check Details

Version: 1.0.0
Check: dependencies in R code
Result: NOTE
    Namespace in Imports field not imported from: ‘metafor’
     All declared Imports should be used.
Flavors: r-devel-linux-x86_64-fedora-clang, r-devel-linux-x86_64-fedora-gcc, r-patched-solaris-x86, r-release-osx-x86_64, r-oldrel-osx-x86_64