CRAN Package Check Results for Package SkewHyperbolic

Last updated on 2025-11-15 03:50:29 CET.

Flavor Version Tinstall Tcheck Ttotal Status Flags
r-devel-linux-x86_64-debian-clang 0.4-2 3.85 43.40 47.25 NOTE
r-devel-linux-x86_64-debian-gcc 0.4-2 2.65 32.79 35.44 NOTE
r-devel-linux-x86_64-fedora-clang 0.4-2 72.92 OK
r-devel-linux-x86_64-fedora-gcc 0.4-2 71.86 OK
r-devel-windows-x86_64 0.4-2 7.00 61.00 68.00 OK
r-patched-linux-x86_64 0.4-2 3.59 41.15 44.74 OK
r-release-linux-x86_64 0.4-2 3.78 41.91 45.69 OK
r-release-macos-arm64 0.4-2 2.00 25.00 27.00 OK
r-release-macos-x86_64 0.4-2 3.00 39.00 42.00 OK
r-release-windows-x86_64 0.4-2 5.00 62.00 67.00 OK
r-oldrel-macos-arm64 0.4-2 2.00 21.00 23.00 OK
r-oldrel-macos-x86_64 0.4-2 3.00 32.00 35.00 OK
r-oldrel-windows-x86_64 0.4-2 7.00 72.00 79.00 OK

Check Details

Version: 0.4-2
Check: CRAN incoming feasibility
Result: NOTE Maintainer: ‘David Scott <d.scott@auckland.ac.nz>’ No Authors@R field in DESCRIPTION. Please add one, modifying Authors@R: c(person(given = "David", family = "Scott", role = c("aut", "cre"), email = "d.scott@auckland.ac.nz"), person(given = "Fiona", family = "Grimson", role = "aut")) as necessary. Flavors: r-devel-linux-x86_64-debian-clang, r-devel-linux-x86_64-debian-gcc