Last updated on 2024-04-24 01:52:27 CEST.
Flavor | Version | Tinstall | Tcheck | Ttotal | Status | Flags |
---|---|---|---|---|---|---|
r-devel-linux-x86_64-debian-clang | 1.0.1 | 2.24 | 2.24 | ERROR | ||
r-devel-linux-x86_64-debian-gcc | 1.0.1 | 1.62 | 1.62 | ERROR | ||
r-devel-linux-x86_64-fedora-clang | 1.0.1 | 384.38 | OK | |||
r-devel-linux-x86_64-fedora-gcc | 1.0.1 | 370.49 | OK | |||
r-prerel-macos-arm64 | 1.0.1 | 107.00 | OK | |||
r-prerel-macos-x86_64 | 1.0.1 | 213.00 | OK | |||
r-prerel-windows-x86_64 | 1.0.1 | 25.00 | 232.00 | 257.00 | OK | |
r-patched-linux-x86_64 | 1.0.1 | 32.16 | 264.18 | 296.34 | OK | |
r-release-linux-x86_64 | 1.0.1 | 31.55 | 277.51 | 309.06 | OK | |
r-release-macos-arm64 | 1.0.1 | 115.00 | OK | |||
r-release-macos-x86_64 | 1.0.1 | 205.00 | OK | |||
r-release-windows-x86_64 | 1.0.1 | 37.00 | 293.00 | 330.00 | OK | |
r-oldrel-macos-arm64 | 1.0.1 | 97.00 | OK | |||
r-oldrel-windows-x86_64 | 1.0.1 | 36.00 | 244.00 | 280.00 | OK |
Version: 1.0.1
Check: package dependencies
Result: ERROR
Package required but not available: ‘globaltest’
See section ‘The DESCRIPTION file’ in the ‘Writing R Extensions’
manual.
Flavors: r-devel-linux-x86_64-debian-clang, r-devel-linux-x86_64-debian-gcc