Last updated on 2025-02-13 01:49:24 CET.
Flavor | Version | Tinstall | Tcheck | Ttotal | Status | Flags |
---|---|---|---|---|---|---|
r-devel-linux-x86_64-debian-clang | 1.0-6 | 4.84 | 234.21 | 239.05 | OK | |
r-devel-linux-x86_64-debian-gcc | 1.0-6 | 3.75 | 161.46 | 165.21 | OK | |
r-devel-linux-x86_64-fedora-clang | 1.0-6 | 402.08 | OK | |||
r-devel-linux-x86_64-fedora-gcc | 1.0-6 | 377.46 | OK | |||
r-devel-windows-x86_64 | 1.0-6 | 8.00 | 618.00 | 626.00 | OK | |
r-patched-linux-x86_64 | 1.0-6 | 7.73 | 217.72 | 225.45 | OK | |
r-release-linux-x86_64 | 1.0-6 | 4.44 | 221.00 | 225.44 | OK | |
r-release-macos-arm64 | 1.0-6 | 120.00 | NOTE | |||
r-release-macos-x86_64 | 1.0-6 | 349.00 | NOTE | |||
r-release-windows-x86_64 | 1.0-6 | 8.00 | 654.00 | 662.00 | NOTE | |
r-oldrel-macos-arm64 | 1.0-6 | 138.00 | NOTE | |||
r-oldrel-macos-x86_64 | 1.0-6 | 382.00 | NOTE | |||
r-oldrel-windows-x86_64 | 1.0-6 | 9.00 | 479.00 | 488.00 | NOTE |
Version: 1.0-6
Check: installed package size
Result: NOTE
installed size is 5.9Mb
sub-directories of 1Mb or more:
doc 4.5Mb
Flavors: r-release-macos-arm64, r-release-macos-x86_64, r-release-windows-x86_64, r-oldrel-macos-arm64, r-oldrel-macos-x86_64, r-oldrel-windows-x86_64