Last updated on 2024-04-24 01:52:27 CEST.
Flavor | Version | Tinstall | Tcheck | Ttotal | Status | Flags |
---|---|---|---|---|---|---|
r-devel-linux-x86_64-debian-clang | 2.0.6 | 63.08 | 561.94 | 625.02 | NOTE | |
r-devel-linux-x86_64-debian-gcc | 2.0.6 | 43.89 | 403.07 | 446.96 | NOTE | |
r-devel-linux-x86_64-fedora-clang | 2.0.6 | 788.44 | NOTE | |||
r-devel-linux-x86_64-fedora-gcc | 2.0.6 | 737.25 | NOTE | |||
r-prerel-macos-arm64 | 2.0.6 | 178.00 | NOTE | |||
r-prerel-macos-x86_64 | 2.0.6 | 550.00 | NOTE | |||
r-prerel-windows-x86_64 | 2.0.6 | 43.00 | 381.00 | 424.00 | NOTE | |
r-patched-linux-x86_64 | 2.0.6 | 57.75 | 523.20 | 580.95 | NOTE | |
r-release-linux-x86_64 | 2.0.6 | 59.14 | 530.58 | 589.72 | NOTE | |
r-release-macos-arm64 | 2.0.6 | 173.00 | NOTE | |||
r-release-macos-x86_64 | 2.0.6 | 487.00 | NOTE | |||
r-release-windows-x86_64 | 2.0.6 | 63.00 | 513.00 | 576.00 | NOTE | |
r-oldrel-macos-arm64 | 2.0.6 | 165.00 | OK | |||
r-oldrel-windows-x86_64 | 2.0.6 | 58.00 | 478.00 | 536.00 | NOTE |
Version: 2.0.6
Check: package dependencies
Result: NOTE
Package suggested but not available for checking: ‘NLMR’
Flavors: r-devel-linux-x86_64-debian-clang, r-devel-linux-x86_64-debian-gcc, r-devel-linux-x86_64-fedora-clang, r-devel-linux-x86_64-fedora-gcc, r-prerel-macos-arm64, r-prerel-macos-x86_64, r-prerel-windows-x86_64, r-patched-linux-x86_64, r-release-linux-x86_64, r-release-macos-arm64, r-release-macos-x86_64, r-release-windows-x86_64, r-oldrel-windows-x86_64