Last updated on 2025-05-25 01:49:58 CEST.
Flavor | Version | Tinstall | Tcheck | Ttotal | Status | Flags |
---|---|---|---|---|---|---|
r-devel-linux-x86_64-debian-clang | 2.0.7 | 40.34 | 461.33 | 501.67 | OK | |
r-devel-linux-x86_64-debian-gcc | 2.0.7 | 26.93 | 307.42 | 334.35 | OK | |
r-devel-linux-x86_64-fedora-clang | 2.0.7 | 774.44 | OK | |||
r-devel-linux-x86_64-fedora-gcc | 2.0.7 | 737.09 | OK | |||
r-devel-windows-x86_64 | 2.0.7 | 41.00 | 440.00 | 481.00 | OK | |
r-patched-linux-x86_64 | 2.0.7 | 37.76 | 424.45 | 462.21 | OK | |
r-release-linux-x86_64 | 2.0.7 | 40.93 | 424.55 | 465.48 | OK | |
r-release-macos-arm64 | 2.0.7 | 205.00 | OK | |||
r-release-macos-x86_64 | 2.0.7 | 407.00 | OK | |||
r-release-windows-x86_64 | 2.0.7 | 40.00 | 365.00 | 405.00 | OK | |
r-oldrel-macos-arm64 | 2.0.7 | 175.00 | NOTE | |||
r-oldrel-macos-x86_64 | 2.0.7 | 283.00 | NOTE | |||
r-oldrel-windows-x86_64 | 2.0.7 | 54.00 | 545.00 | 599.00 | NOTE |
Version: 2.0.7
Check: package dependencies
Result: NOTE
Package suggested but not available for checking: ‘NLMR’
Flavors: r-oldrel-macos-arm64, r-oldrel-macos-x86_64, r-oldrel-windows-x86_64