Last updated on 2025-10-03 02:51:42 CEST.
Flavor | Version | Tinstall | Tcheck | Ttotal | Status | Flags |
---|---|---|---|---|---|---|
r-devel-linux-x86_64-debian-clang | 1.3.8 | 33.97 | 98.55 | 132.52 | OK | |
r-devel-linux-x86_64-debian-gcc | 1.3.8 | 21.95 | 75.50 | 97.45 | OK | |
r-devel-linux-x86_64-fedora-clang | 1.3.8 | 218.55 | OK | |||
r-devel-linux-x86_64-fedora-gcc | 1.3.8 | 235.87 | OK | |||
r-devel-windows-x86_64 | 1.3.8 | 42.00 | 131.00 | 173.00 | OK | |
r-patched-linux-x86_64 | 1.3.8 | 35.74 | 100.84 | 136.58 | OK | |
r-release-linux-x86_64 | 1.3.5 | 35.27 | 113.91 | 149.18 | WARN | |
r-release-macos-arm64 | 1.3.5 | 60.00 | OK | |||
r-release-macos-x86_64 | 1.3.8 | 315.00 | OK | |||
r-release-windows-x86_64 | 1.3.8 | 36.00 | 126.00 | 162.00 | OK | |
r-oldrel-macos-arm64 | 1.3.5 | 42.00 | NOTE | |||
r-oldrel-macos-x86_64 | 1.3.8 | 324.00 | NOTE | |||
r-oldrel-windows-x86_64 | 1.3.8 | 49.00 | 163.00 | 212.00 | NOTE |
Version: 1.3.5
Check: whether package can be installed
Result: WARN
Found the following significant warnings:
RcppSpatPCA.cpp:600:21: warning: ‘elem_type arma::Base<elem_type, derived>::min(arma::uword&) const [with elem_type = double; derived = arma::Op<arma::Mat<double>, arma::op_sum>; arma::uword = unsigned int]’ is deprecated: use .index_min() instead [-Wdeprecated-declarations]
RcppSpatPCA.cpp:661:22: warning: ‘elem_type arma::Base<elem_type, derived>::min(arma::uword&) const [with elem_type = double; derived = arma::Op<arma::Mat<double>, arma::op_sum>; arma::uword = unsigned int]’ is deprecated: use .index_min() instead [-Wdeprecated-declarations]
RcppSpatPCA.cpp:688:22: warning: ‘elem_type arma::Base<elem_type, derived>::min(arma::uword&) const [with elem_type = double; derived = arma::Op<arma::Mat<double>, arma::op_sum>; arma::uword = unsigned int]’ is deprecated: use .index_min() instead [-Wdeprecated-declarations]
See ‘/home/hornik/tmp/R.check/r-release-gcc/Work/PKGS/SpatPCA.Rcheck/00install.out’ for details.
* used C++ compiler: ‘g++-14 (Debian 14.3.0-8) 14.3.0’
Flavor: r-release-linux-x86_64
Version: 1.3.5
Check: installed package size
Result: NOTE
installed size is 6.0Mb
sub-directories of 1Mb or more:
doc 1.8Mb
libs 4.1Mb
Flavor: r-oldrel-macos-arm64
Version: 1.3.5
Check: for GNU extensions in Makefiles
Result: NOTE
GNU make is a SystemRequirements.
Flavor: r-oldrel-macos-arm64
Version: 1.3.8
Check: installed package size
Result: NOTE
installed size is 5.0Mb
sub-directories of 1Mb or more:
libs 4.5Mb
Flavor: r-oldrel-macos-x86_64
Version: 1.3.8
Check: for GNU extensions in Makefiles
Result: NOTE
GNU make is a SystemRequirements.
Flavors: r-oldrel-macos-x86_64, r-oldrel-windows-x86_64