Last updated on 2023-05-30 01:57:05 CEST.
Flavor | Version | Tinstall | Tcheck | Ttotal | Status | Flags |
---|---|---|---|---|---|---|
r-devel-linux-x86_64-debian-clang | 3.1.1 | 21.28 | 27.11 | 48.39 | NOTE | |
r-devel-linux-x86_64-debian-gcc | 3.1.1 | 15.16 | 21.69 | 36.85 | NOTE | |
r-devel-linux-x86_64-fedora-clang | 3.1.1 | 70.63 | NOTE | |||
r-devel-linux-x86_64-fedora-gcc | 3.1.1 | 70.46 | NOTE | |||
r-devel-windows-x86_64 | 3.1.1 | 22.00 | 62.00 | 84.00 | NOTE | |
r-patched-linux-x86_64 | 3.1.1 | 18.63 | 26.56 | 45.19 | NOTE | |
r-release-linux-x86_64 | 3.1.1 | 17.88 | 26.52 | 44.40 | NOTE | |
r-release-macos-arm64 | 3.1.1 | 24.00 | NOTE | |||
r-release-macos-x86_64 | 3.1.1 | 36.00 | NOTE | |||
r-release-windows-x86_64 | 3.1.1 | 20.00 | 69.00 | 89.00 | NOTE | |
r-oldrel-macos-arm64 | 3.1.1 | 29.00 | NOTE | |||
r-oldrel-macos-x86_64 | 3.1.1 | 33.00 | NOTE | |||
r-oldrel-windows-x86_64 | 3.1.1 | 23.00 | 74.00 | 97.00 | NOTE |
Version: 3.1.1
Check: C++ specification
Result: NOTE
Specified C++11: please drop specification unless essential
Flavors: r-devel-linux-x86_64-debian-clang, r-devel-linux-x86_64-debian-gcc, r-devel-linux-x86_64-fedora-clang, r-devel-linux-x86_64-fedora-gcc, r-devel-windows-x86_64, r-patched-linux-x86_64, r-release-linux-x86_64, r-release-macos-arm64, r-release-macos-x86_64, r-release-windows-x86_64
Version: 3.1.1
Check: for GNU extensions in Makefiles
Result: NOTE
GNU make is a SystemRequirements.
Flavors: r-devel-linux-x86_64-debian-clang, r-devel-linux-x86_64-debian-gcc, r-devel-linux-x86_64-fedora-clang, r-devel-linux-x86_64-fedora-gcc, r-devel-windows-x86_64, r-patched-linux-x86_64, r-release-linux-x86_64, r-release-macos-arm64, r-release-macos-x86_64, r-release-windows-x86_64, r-oldrel-macos-arm64, r-oldrel-macos-x86_64, r-oldrel-windows-x86_64