CRAN Package Check Results for Package StVAR

Last updated on 2020-02-18 23:48:50 CET.

Flavor Version Tinstall Tcheck Ttotal Status Flags
r-devel-linux-x86_64-debian-clang 1.1 0.39 2.15 2.54 ERROR
r-devel-linux-x86_64-debian-gcc 1.1 9.04 59.95 68.99 OK
r-devel-linux-x86_64-fedora-clang 1.1 107.95 OK
r-devel-linux-x86_64-fedora-gcc 1.1 104.49 OK
r-devel-windows-ix86+x86_64 1.1 16.00 79.00 95.00 OK
r-devel-windows-ix86+x86_64-gcc8 1.1 29.00 110.00 139.00 OK
r-patched-linux-x86_64 1.1 7.47 63.54 71.01 OK
r-patched-solaris-x86 1.1 139.70 OK
r-release-linux-x86_64 1.1 8.24 63.25 71.49 OK
r-release-windows-ix86+x86_64 1.1 16.00 75.00 91.00 OK
r-release-osx-x86_64 1.1 OK
r-oldrel-windows-ix86+x86_64 1.1 10.00 68.00 78.00 OK
r-oldrel-osx-x86_64 1.1 OK

Check Details

Version: 1.1
Check: package dependencies
Result: ERROR
    Package required but not available: 'MCMCpack'
    
    See section 'The DESCRIPTION file' in the 'Writing R Extensions'
    manual.
Flavor: r-devel-linux-x86_64-debian-clang