Last updated on 2022-07-02 01:49:09 CEST.
Flavor | Version | Tinstall | Tcheck | Ttotal | Status | Flags |
---|---|---|---|---|---|---|
r-devel-linux-x86_64-debian-clang | 1.1.0 | 588.51 | 200.14 | 788.65 | NOTE | |
r-devel-linux-x86_64-debian-gcc | 1.1.0 | 516.11 | 168.13 | 684.24 | NOTE | |
r-devel-linux-x86_64-fedora-clang | 1.1.0 | 1099.53 | NOTE | |||
r-devel-linux-x86_64-fedora-gcc | 1.1.0 | 1034.07 | NOTE | |||
r-devel-windows-x86_64 | 1.1.0 | 399.00 | 289.00 | 688.00 | NOTE | |
r-patched-linux-x86_64 | 1.1.0 | 430.21 | 222.50 | 652.71 | NOTE | |
r-release-linux-x86_64 | 1.1.0 | 455.81 | 222.19 | 678.00 | NOTE | |
r-release-macos-arm64 | 1.1.0 | 225.00 | NOTE | |||
r-release-macos-x86_64 | 1.1.0 | 360.00 | NOTE | |||
r-release-windows-x86_64 | 1.1.0 | 317.00 | 283.00 | 600.00 | NOTE | |
r-oldrel-macos-arm64 | 1.1.0 | 196.00 | NOTE | |||
r-oldrel-macos-x86_64 | 1.1.0 | 359.00 | NOTE | |||
r-oldrel-windows-ix86+x86_64 | 1.1.0 | 1279.00 | 382.00 | 1661.00 | NOTE |
Version: 1.1.0
Check: for GNU extensions in Makefiles
Result: NOTE
GNU make is a SystemRequirements.
Flavors: r-devel-linux-x86_64-debian-clang, r-devel-linux-x86_64-debian-gcc, r-devel-linux-x86_64-fedora-clang, r-devel-linux-x86_64-fedora-gcc, r-devel-windows-x86_64, r-patched-linux-x86_64, r-release-linux-x86_64, r-release-macos-arm64, r-release-macos-x86_64, r-release-windows-x86_64, r-oldrel-macos-arm64, r-oldrel-macos-x86_64, r-oldrel-windows-ix86+x86_64
Version: 1.1.0
Check: installed package size
Result: NOTE
installed size is 58.8Mb
sub-directories of 1Mb or more:
libs 57.9Mb
Flavors: r-devel-linux-x86_64-fedora-clang, r-devel-windows-x86_64, r-release-macos-arm64, r-release-macos-x86_64, r-release-windows-x86_64, r-oldrel-macos-arm64, r-oldrel-macos-x86_64, r-oldrel-windows-ix86+x86_64
Version: 1.1.0
Check: dependencies in R code
Result: NOTE
Namespaces in Imports field not imported from:
‘RcppParallel’ ‘httr’ ‘latex2exp’ ‘rstantools’ ‘tibble’ ‘tidyverse’
‘utils’
All declared Imports should be used.
Flavors: r-devel-linux-x86_64-fedora-clang, r-devel-linux-x86_64-fedora-gcc, r-release-macos-arm64, r-release-macos-x86_64, r-oldrel-macos-arm64, r-oldrel-macos-x86_64