Last updated on 2024-04-25 01:55:30 CEST.
Flavor | Version | Tinstall | Tcheck | Ttotal | Status | Flags |
---|---|---|---|---|---|---|
r-devel-linux-x86_64-debian-clang | 1.2 | 3.35 | 23.79 | 27.14 | NOTE | |
r-devel-linux-x86_64-debian-gcc | 1.2 | 2.51 | 18.98 | 21.49 | NOTE | |
r-devel-linux-x86_64-fedora-clang | 1.2 | 34.87 | NOTE | |||
r-devel-linux-x86_64-fedora-gcc | 1.2 | 35.60 | NOTE | |||
r-devel-windows-x86_64 | 1.2 | 4.00 | 40.00 | 44.00 | NOTE | |
r-patched-linux-x86_64 | 1.2 | 3.15 | 23.95 | 27.10 | NOTE | |
r-release-linux-x86_64 | 1.2 | 2.10 | 24.00 | 26.10 | NOTE | |
r-release-macos-arm64 | 1.2 | 17.00 | NOTE | |||
r-release-windows-x86_64 | 1.2 | 4.00 | 39.00 | 43.00 | NOTE | |
r-oldrel-macos-arm64 | 1.2 | 17.00 | NOTE | |||
r-oldrel-macos-x86_64 | 1.2 | 20.00 | NOTE | |||
r-oldrel-windows-x86_64 | 1.2 | 5.00 | 40.00 | 45.00 | NOTE |
Version: 1.2
Check: DESCRIPTION meta-information
Result: NOTE
Malformed Title field: should not end in a period.
Flavors: r-devel-linux-x86_64-debian-clang, r-devel-linux-x86_64-debian-gcc, r-devel-linux-x86_64-fedora-clang, r-devel-linux-x86_64-fedora-gcc, r-devel-windows-x86_64, r-patched-linux-x86_64, r-release-linux-x86_64, r-release-macos-arm64, r-release-windows-x86_64, r-oldrel-macos-arm64, r-oldrel-macos-x86_64, r-oldrel-windows-x86_64