Last updated on 2022-07-03 01:49:06 CEST.
Flavor | Version | Tinstall | Tcheck | Ttotal | Status | Flags |
---|---|---|---|---|---|---|
r-devel-linux-x86_64-debian-clang | 1.0.5 | 16.27 | 391.06 | 407.33 | OK | |
r-devel-linux-x86_64-debian-gcc | 1.0.5 | 13.85 | 297.02 | 310.87 | OK | |
r-devel-linux-x86_64-fedora-clang | 1.0.5 | 469.59 | NOTE | |||
r-devel-linux-x86_64-fedora-gcc | 1.0.5 | 472.66 | OK | |||
r-devel-windows-x86_64 | 1.0.5 | 23.00 | 228.00 | 251.00 | NOTE | |
r-patched-linux-x86_64 | 1.0.5 | 16.16 | 364.30 | 380.46 | OK | |
r-release-linux-x86_64 | 1.0.5 | 14.40 | 365.41 | 379.81 | OK | |
r-release-macos-arm64 | 1.0.5 | 92.00 | NOTE | |||
r-release-macos-x86_64 | 1.0.5 | 240.00 | NOTE | |||
r-release-windows-x86_64 | 1.0.5 | 111.00 | 226.00 | 337.00 | NOTE | |
r-oldrel-macos-arm64 | 1.0.5 | 97.00 | NOTE | |||
r-oldrel-macos-x86_64 | 1.0.5 | 154.00 | NOTE | |||
r-oldrel-windows-ix86+x86_64 | 1.0.5 | 35.00 | 234.00 | 269.00 | NOTE |
Version: 1.0.5
Check: installed package size
Result: NOTE
installed size is 5.7Mb
sub-directories of 1Mb or more:
doc 5.0Mb
Flavors: r-devel-linux-x86_64-fedora-clang, r-devel-windows-x86_64, r-release-macos-arm64, r-release-macos-x86_64, r-release-windows-x86_64, r-oldrel-macos-arm64, r-oldrel-macos-x86_64, r-oldrel-windows-ix86+x86_64