Last updated on 2025-10-01 02:54:32 CEST.
Flavor | Version | Tinstall | Tcheck | Ttotal | Status | Flags |
---|---|---|---|---|---|---|
r-devel-linux-x86_64-debian-clang | 0.2.2 | 9.18 | 72.91 | 82.09 | NOTE | |
r-devel-linux-x86_64-debian-gcc | 0.2.2 | 6.68 | 51.88 | 58.56 | NOTE | |
r-devel-linux-x86_64-fedora-clang | 0.2.2 | 124.06 | OK | |||
r-devel-linux-x86_64-fedora-gcc | 0.2.2 | 117.71 | OK | |||
r-devel-windows-x86_64 | 0.2.2 | 13.00 | 79.00 | 92.00 | OK | |
r-patched-linux-x86_64 | 0.2.2 | 10.02 | 67.87 | 77.89 | OK | |
r-release-linux-x86_64 | 0.2.2 | 7.94 | 69.12 | 77.06 | OK | |
r-release-macos-arm64 | 0.2.2 | 33.00 | OK | |||
r-release-macos-x86_64 | 0.2.2 | 66.00 | OK | |||
r-release-windows-x86_64 | 0.2.2 | 12.00 | 79.00 | 91.00 | OK | |
r-oldrel-macos-arm64 | 0.2.2 | 36.00 | NOTE | |||
r-oldrel-macos-x86_64 | 0.2.2 | 53.00 | NOTE | |||
r-oldrel-windows-x86_64 | 0.2.2 | 13.00 | 97.00 | 110.00 | NOTE |
Version: 0.2.2
Check: CRAN incoming feasibility
Result: NOTE
Maintainer: ‘David Cortes <david.cortes.rivera@gmail.com>’
No Authors@R field in DESCRIPTION.
Please add one, modifying
Authors@R: person(given = "David",
family = "Cortes",
role = c("aut", "cre"),
email = "david.cortes.rivera@gmail.com")
as necessary.
Flavors: r-devel-linux-x86_64-debian-clang, r-devel-linux-x86_64-debian-gcc
Version: 0.2.2
Check: LazyData
Result: NOTE
'LazyData' is specified without a 'data' directory
Flavors: r-oldrel-macos-arm64, r-oldrel-macos-x86_64, r-oldrel-windows-x86_64