Last updated on 2025-04-30 01:50:39 CEST.
Flavor | Version | Tinstall | Tcheck | Ttotal | Status | Flags |
---|---|---|---|---|---|---|
r-devel-linux-x86_64-debian-clang | 0.4.2 | 100.78 | 79.33 | 180.11 | OK | |
r-devel-linux-x86_64-debian-gcc | 0.4.2 | 70.50 | 56.67 | 127.17 | OK | |
r-devel-linux-x86_64-fedora-clang | 0.4.2 | 335.36 | OK | |||
r-devel-linux-x86_64-fedora-gcc | 0.4.2 | 323.72 | OK | |||
r-devel-windows-x86_64 | 0.4.2 | 113.00 | 114.00 | 227.00 | OK | |
r-patched-linux-x86_64 | 0.4.2 | 99.45 | 72.51 | 171.96 | OK | |
r-release-linux-x86_64 | 0.4.2 | 95.72 | 72.56 | 168.28 | OK | |
r-release-macos-arm64 | 0.4.2 | 81.00 | OK | |||
r-release-macos-x86_64 | 0.4.2 | 143.00 | OK | |||
r-release-windows-x86_64 | 0.4.2 | 111.00 | 113.00 | 224.00 | OK | |
r-oldrel-macos-arm64 | 0.4.2 | 76.00 | NOTE | |||
r-oldrel-macos-x86_64 | 0.4.2 | 119.00 | NOTE | |||
r-oldrel-windows-x86_64 | 0.4.2 | 127.00 | 143.00 | 270.00 | OK |
Version: 0.4.2
Check: installed package size
Result: NOTE
installed size is 5.7Mb
sub-directories of 1Mb or more:
libs 5.4Mb
Flavors: r-oldrel-macos-arm64, r-oldrel-macos-x86_64