Last updated on 2023-06-07 02:01:14 CEST.
Flavor | Version | Tinstall | Tcheck | Ttotal | Status | Flags |
---|---|---|---|---|---|---|
r-devel-linux-x86_64-debian-clang | 0.4.1 | 137.91 | 109.76 | 247.67 | NOTE | |
r-devel-linux-x86_64-debian-gcc | 0.4.1 | 113.11 | 83.08 | 196.19 | NOTE | |
r-devel-linux-x86_64-fedora-clang | 0.4.1 | 368.48 | NOTE | |||
r-devel-linux-x86_64-fedora-gcc | 0.4.1 | 362.77 | NOTE | |||
r-devel-windows-x86_64 | 0.4.1 | 106.00 | 124.00 | 230.00 | NOTE | |
r-patched-linux-x86_64 | 0.4.1 | 113.44 | 104.61 | 218.05 | NOTE | |
r-release-linux-x86_64 | 0.4.1 | 116.99 | 105.08 | 222.07 | NOTE | |
r-release-macos-arm64 | 0.4.1 | 92.00 | NOTE | |||
r-release-macos-x86_64 | 0.4.1 | 158.00 | NOTE | |||
r-release-windows-x86_64 | 0.4.1 | 136.00 | 149.00 | 285.00 | NOTE | |
r-oldrel-macos-arm64 | 0.4.1 | 82.00 | NOTE | |||
r-oldrel-macos-x86_64 | 0.4.1 | 102.00 | NOTE | |||
r-oldrel-windows-x86_64 | 0.4.1 | 133.00 | 141.00 | 274.00 | OK |
Version: 0.4.1
Check: C++ specification
Result: NOTE
Specified C++11: please drop specification unless essential
Flavors: r-devel-linux-x86_64-debian-clang, r-devel-linux-x86_64-debian-gcc, r-devel-linux-x86_64-fedora-clang, r-devel-linux-x86_64-fedora-gcc, r-devel-windows-x86_64, r-patched-linux-x86_64, r-release-linux-x86_64, r-release-macos-arm64, r-release-macos-x86_64, r-release-windows-x86_64
Version: 0.4.1
Check: installed package size
Result: NOTE
installed size is 5.5Mb
sub-directories of 1Mb or more:
libs 5.2Mb
Flavors: r-release-macos-arm64, r-release-macos-x86_64, r-oldrel-macos-arm64, r-oldrel-macos-x86_64