Last updated on 2024-04-19 01:59:03 CEST.
Flavor | Version | Tinstall | Tcheck | Ttotal | Status | Flags |
---|---|---|---|---|---|---|
r-devel-linux-x86_64-debian-clang | 0.1.0 | 17.40 | 144.54 | 161.94 | OK | |
r-devel-linux-x86_64-debian-gcc | 0.1.0 | 13.06 | 106.81 | 119.87 | OK | |
r-devel-linux-x86_64-fedora-clang | 0.1.0 | 198.04 | NOTE | |||
r-devel-linux-x86_64-fedora-gcc | 0.1.0 | 201.49 | NOTE | |||
r-prerel-macos-arm64 | 0.1.0 | 52.00 | OK | |||
r-prerel-macos-x86_64 | 0.1.0 | 98.00 | OK | |||
r-prerel-windows-x86_64 | 0.1.0 | 15.00 | 151.00 | 166.00 | OK | |
r-patched-linux-x86_64 | 0.1.0 | 14.37 | 136.01 | 150.38 | OK | |
r-release-linux-x86_64 | 0.1.0 | 13.13 | 137.47 | 150.60 | OK | |
r-release-macos-arm64 | 0.1.0 | 61.00 | OK | |||
r-release-macos-x86_64 | 0.1.0 | 95.00 | OK | |||
r-release-windows-x86_64 | 0.1.0 | 20.00 | 166.00 | 186.00 | OK | |
r-oldrel-macos-arm64 | 0.1.0 | 56.00 | NOTE | |||
r-oldrel-windows-x86_64 | 0.1.0 | 21.00 | 153.00 | 174.00 | OK |
Version: 0.1.0
Check: dependencies in R code
Result: NOTE
Namespaces in Imports field not imported from:
‘broom’ ‘car’ ‘lmerTest’ ‘pbkrtest’
All declared Imports should be used.
Flavors: r-devel-linux-x86_64-fedora-clang, r-devel-linux-x86_64-fedora-gcc, r-oldrel-macos-arm64