Last updated on 2024-04-23 01:57:17 CEST.
Flavor | Version | Tinstall | Tcheck | Ttotal | Status | Flags |
---|---|---|---|---|---|---|
r-devel-linux-x86_64-debian-clang | 0.2.0 | 21.15 | 440.22 | 461.37 | OK | |
r-devel-linux-x86_64-debian-gcc | 0.2.0 | 17.04 | 321.66 | 338.70 | OK | |
r-devel-linux-x86_64-fedora-clang | 0.2.0 | 562.27 | NOTE | |||
r-devel-linux-x86_64-fedora-gcc | 0.2.0 | 585.53 | NOTE | |||
r-prerel-macos-arm64 | 0.2.0 | 149.00 | OK | |||
r-prerel-windows-x86_64 | 0.2.0 | 18.00 | 301.00 | 319.00 | OK | |
r-patched-linux-x86_64 | 0.2.0 | 21.71 | 421.00 | 442.71 | OK | |
r-release-linux-x86_64 | 0.2.0 | 17.41 | 428.20 | 445.61 | OK | |
r-release-macos-arm64 | 0.2.0 | 175.00 | OK | |||
r-release-macos-x86_64 | 0.2.0 | 293.00 | OK | |||
r-release-windows-x86_64 | 0.2.0 | 23.00 | 422.00 | 445.00 | OK | |
r-oldrel-macos-arm64 | 0.2.0 | 105.00 | NOTE | |||
r-oldrel-windows-x86_64 | 0.2.0 | 23.00 | 786.00 | 809.00 | OK |
Version: 0.2.0
Check: dependencies in R code
Result: NOTE
Namespaces in Imports field not imported from:
‘gridExtra’ ‘mvtnorm’
All declared Imports should be used.
Flavors: r-devel-linux-x86_64-fedora-clang, r-devel-linux-x86_64-fedora-gcc, r-oldrel-macos-arm64