Last updated on 2024-05-04 01:49:01 CEST.
Flavor | Version | Tinstall | Tcheck | Ttotal | Status | Flags |
---|---|---|---|---|---|---|
r-devel-linux-x86_64-debian-clang | 0.2.0 | 6.32 | 70.11 | 76.43 | NOTE | |
r-devel-linux-x86_64-fedora-clang | 0.2.0 | 95.51 | NOTE | |||
r-devel-linux-x86_64-fedora-gcc | 0.2.0 | 96.36 | NOTE | |||
r-devel-windows-x86_64 | 0.2.0 | 7.00 | 76.00 | 83.00 | NOTE | |
r-patched-linux-x86_64 | 0.2.0 | 7.17 | 67.18 | 74.35 | NOTE | |
r-release-linux-x86_64 | 0.2.0 | 9.18 | 66.75 | 75.93 | NOTE | |
r-release-macos-arm64 | 0.2.0 | 30.00 | NOTE | |||
r-release-windows-x86_64 | 0.2.0 | 8.00 | 65.00 | 73.00 | NOTE | |
r-oldrel-macos-arm64 | 0.2.0 | 34.00 | OK | |||
r-oldrel-macos-x86_64 | 0.2.0 | 50.00 | OK | |||
r-oldrel-windows-x86_64 | 0.2.0 | 9.00 | 79.00 | 88.00 | OK |
Version: 0.2.0
Check: Rd files
Result: NOTE
checkRd: (-1) coxDT.Rd:76: Lost braces; missing escapes or markup?
76 | The estimation procedure here is performed using coxph {survival} and inserting these estimated
| ^
Flavors: r-devel-linux-x86_64-debian-clang, r-devel-linux-x86_64-fedora-clang, r-devel-linux-x86_64-fedora-gcc, r-devel-windows-x86_64, r-patched-linux-x86_64, r-release-linux-x86_64, r-release-macos-arm64, r-release-windows-x86_64