Last updated on 2024-04-20 01:50:15 CEST.
Flavor | Version | Tinstall | Tcheck | Ttotal | Status | Flags |
---|---|---|---|---|---|---|
r-devel-linux-x86_64-debian-clang | 2.0.0 | 4.08 | 35.56 | 39.64 | NOTE | |
r-devel-linux-x86_64-debian-gcc | 2.0.0 | NOTE | ||||
r-devel-linux-x86_64-fedora-clang | 2.0.0 | 49.41 | NOTE | |||
r-devel-linux-x86_64-fedora-gcc | 2.0.0 | 61.43 | NOTE | |||
r-prerel-macos-arm64 | 2.0.0 | 22.00 | NOTE | |||
r-prerel-windows-x86_64 | 2.0.0 | 5.00 | 48.00 | 53.00 | NOTE | |
r-patched-linux-x86_64 | 2.0.0 | 2.74 | 32.74 | 35.48 | NOTE | |
r-release-linux-x86_64 | 2.0.0 | 3.89 | 32.22 | 36.11 | NOTE | |
r-release-macos-arm64 | 2.0.0 | 23.00 | NOTE | |||
r-release-macos-x86_64 | 2.0.0 | 43.00 | NOTE | |||
r-release-windows-x86_64 | 2.0.0 | 4.00 | 51.00 | 55.00 | NOTE | |
r-oldrel-macos-arm64 | 2.0.0 | 19.00 | NOTE | |||
r-oldrel-windows-x86_64 | 2.0.0 | 5.00 | 55.00 | 60.00 | NOTE |
Version: 2.0.0
Check: LazyData
Result: NOTE
'LazyData' is specified without a 'data' directory
Flavors: r-devel-linux-x86_64-debian-clang, r-devel-linux-x86_64-debian-gcc, r-devel-linux-x86_64-fedora-clang, r-devel-linux-x86_64-fedora-gcc, r-prerel-macos-arm64, r-prerel-windows-x86_64, r-patched-linux-x86_64, r-release-linux-x86_64, r-release-macos-arm64, r-release-macos-x86_64, r-release-windows-x86_64, r-oldrel-macos-arm64, r-oldrel-windows-x86_64