Last updated on 2024-04-19 01:59:04 CEST.
Flavor | Version | Tinstall | Tcheck | Ttotal | Status | Flags |
---|---|---|---|---|---|---|
r-devel-linux-x86_64-debian-clang | 0.5.1 | 35.86 | 91.06 | 126.92 | NOTE | |
r-devel-linux-x86_64-debian-gcc | 0.5.1 | 31.21 | 68.16 | 99.37 | NOTE | |
r-devel-linux-x86_64-fedora-clang | 0.5.1 | 173.35 | NOTE | |||
r-devel-linux-x86_64-fedora-gcc | 0.5.1 | 170.88 | NOTE | |||
r-prerel-macos-arm64 | 0.5.1 | 50.00 | NOTE | |||
r-prerel-windows-x86_64 | 0.5.1 | 29.00 | 121.00 | 150.00 | NOTE | |
r-patched-linux-x86_64 | 0.5.1 | 38.73 | 88.49 | 127.22 | NOTE | |
r-release-linux-x86_64 | 0.5.1 | 42.40 | 88.10 | 130.50 | NOTE | |
r-release-macos-arm64 | 0.5.1 | 51.00 | NOTE | |||
r-release-macos-x86_64 | 0.5.1 | 79.00 | NOTE | |||
r-release-windows-x86_64 | 0.5.1 | 39.00 | 125.00 | 164.00 | NOTE | |
r-oldrel-macos-arm64 | 0.5.1 | 50.00 | OK | |||
r-oldrel-windows-x86_64 | 0.5.1 | 39.00 | 123.00 | 162.00 | OK |
Version: 0.5.1
Check: C++ specification
Result: NOTE
Specified C++11: please drop specification unless essential
Flavors: r-devel-linux-x86_64-debian-clang, r-devel-linux-x86_64-debian-gcc, r-devel-linux-x86_64-fedora-clang, r-devel-linux-x86_64-fedora-gcc, r-prerel-macos-arm64, r-prerel-windows-x86_64, r-patched-linux-x86_64, r-release-linux-x86_64, r-release-macos-arm64, r-release-macos-x86_64, r-release-windows-x86_64