Last updated on 2024-04-18 01:55:38 CEST.
Flavor | Version | Tinstall | Tcheck | Ttotal | Status | Flags |
---|---|---|---|---|---|---|
r-devel-linux-x86_64-debian-clang | 4.2-21 | 261.02 | 224.23 | 485.25 | OK | |
r-devel-linux-x86_64-debian-gcc | 4.2-21 | 190.50 | 154.48 | 344.98 | OK | |
r-devel-linux-x86_64-fedora-clang | 4.2-21 | 665.49 | NOTE | |||
r-devel-linux-x86_64-fedora-gcc | 4.2-21 | 639.14 | OK | |||
r-prerel-macos-arm64 | 4.2-21 | 113.00 | NOTE | |||
r-prerel-macos-x86_64 | 4.2-21 | 248.00 | NOTE | |||
r-prerel-windows-x86_64 | 4.2-21 | 191.00 | 178.00 | 369.00 | OK | |
r-patched-linux-x86_64 | 4.2-21 | 234.48 | 213.24 | 447.72 | OK | |
r-release-linux-x86_64 | 4.2-21 | 234.01 | 218.67 | 452.68 | OK | |
r-release-macos-arm64 | 4.2-21 | 118.00 | NOTE | |||
r-release-macos-x86_64 | 4.2-21 | 247.00 | NOTE | |||
r-release-windows-x86_64 | 4.2-21 | 241.00 | 242.00 | 483.00 | OK | |
r-oldrel-macos-arm64 | 4.2-21 | 116.00 | NOTE | |||
r-oldrel-windows-x86_64 | 4.2-21 | 238.00 | 356.00 | 594.00 | OK |
Version: 4.2-21
Check: Rd cross-references
Result: NOTE
Undeclared package ‘mirt’ in Rd xrefs
Flavor: r-devel-linux-x86_64-fedora-clang
Version: 4.2-21
Check: installed package size
Result: NOTE
installed size is 7.4Mb
sub-directories of 1Mb or more:
R 2.0Mb
libs 4.5Mb
Flavors: r-prerel-macos-arm64, r-prerel-macos-x86_64, r-release-macos-arm64, r-release-macos-x86_64, r-oldrel-macos-arm64