Last updated on 2025-04-30 02:50:54 CEST.
Flavor | Version | Tinstall | Tcheck | Ttotal | Status | Flags |
---|---|---|---|---|---|---|
r-devel-linux-x86_64-debian-clang | 2018.5-1 | 108.38 | 18.30 | 126.68 | NOTE | |
r-devel-linux-x86_64-debian-gcc | 2018.5-1 | 68.94 | 15.34 | 84.28 | NOTE | |
r-devel-linux-x86_64-fedora-clang | 2018.5-1 | 287.48 | NOTE | |||
r-devel-linux-x86_64-fedora-gcc | 2018.5-1 | 219.27 | NOTE | |||
r-devel-windows-x86_64 | 2018.5-1 | 189.00 | 70.00 | 259.00 | NOTE | |
r-patched-linux-x86_64 | 2018.5-1 | 100.99 | 17.85 | 118.84 | NOTE | |
r-release-linux-x86_64 | 2018.5-1 | 99.82 | 17.97 | 117.79 | NOTE | |
r-release-macos-arm64 | 2018.5-1 | 50.00 | NOTE | |||
r-release-macos-x86_64 | 2018.5-1 | 50.00 | NOTE | |||
r-release-windows-x86_64 | 2018.5-1 | 184.00 | 60.00 | 244.00 | NOTE | |
r-oldrel-macos-arm64 | 2018.5-1 | 60.00 | NOTE | |||
r-oldrel-macos-x86_64 | 2018.5-1 | 56.00 | NOTE | |||
r-oldrel-windows-x86_64 | 2018.5-1 | 198.00 | 95.00 | 293.00 | NOTE |
Version: 2018.5-1
Check: CRAN incoming feasibility
Result: NOTE
Maintainer: ‘Fabrizio Cipollini <cipollini.fabrizio@gmail.com>’
No Authors@R field in DESCRIPTION.
Please add one, modifying
Authors@R: c(person(given = "Francesco",
family = "Calvori",
role = "aut"),
person(given = "Fabrizio",
family = "Cipollini",
role = c("aut", "cre"),
email = "cipollini.fabrizio@gmail.com"),
person(given = c("Giampiero", "M."),
family = "Gallo",
role = "aut"),
person(given = "'gzstream'",
family = "authors.",
role = "aut"))
as necessary.
Flavors: r-devel-linux-x86_64-debian-clang, r-devel-linux-x86_64-debian-gcc
Version: 2018.5-1
Check: Rd files
Result: NOTE
checkRd: (-1) TAQ-functions.Rd:119: Lost braces
119 | Brownlees, C. T., and Gallo, G. M. (2006). Financial Econometric Analysis at Ultra{--}High Frequency: Data Handling Concerns, \emph{Computational Statistics and Data Analysis} \bold{51}, 2232--2245.
| ^
checkRd: (-1) TAQ-package.Rd:59: Lost braces
59 | Brownlees, C. T., and Gallo, G. M. (2006). Financial Econometric Analysis at Ultra{--}High Frequency: Data Handling Concerns, \emph{Computational Statistics and Data Analysis} \bold{51}, 2232--2245.
| ^
Flavors: r-devel-linux-x86_64-debian-clang, r-devel-linux-x86_64-debian-gcc, r-devel-linux-x86_64-fedora-clang, r-devel-linux-x86_64-fedora-gcc, r-devel-windows-x86_64, r-patched-linux-x86_64, r-release-linux-x86_64, r-release-macos-arm64, r-release-macos-x86_64, r-release-windows-x86_64, r-oldrel-macos-arm64, r-oldrel-macos-x86_64, r-oldrel-windows-x86_64