Last updated on 2024-04-18 01:55:38 CEST.
Flavor | Version | Tinstall | Tcheck | Ttotal | Status | Flags |
---|---|---|---|---|---|---|
r-devel-linux-x86_64-debian-clang | 1.9.1 | 137.40 | 105.07 | 242.47 | NOTE | |
r-devel-linux-x86_64-debian-gcc | 1.9.1 | 132.97 | 79.06 | 212.03 | NOTE | |
r-devel-linux-x86_64-fedora-clang | 1.9.1 | 302.97 | NOTE | |||
r-devel-linux-x86_64-fedora-gcc | 1.9.1 | 385.87 | NOTE | |||
r-prerel-macos-arm64 | 1.9.1 | 79.00 | NOTE | |||
r-prerel-macos-x86_64 | 1.9.1 | 284.00 | NOTE | |||
r-prerel-windows-x86_64 | 1.9.1 | 112.00 | 165.00 | 277.00 | NOTE | |
r-patched-linux-x86_64 | 1.9.1 | 165.86 | 104.65 | 270.51 | NOTE | |
r-release-linux-x86_64 | 1.9.1 | 157.12 | 100.96 | 258.08 | NOTE | |
r-release-macos-arm64 | 1.9.1 | 97.00 | NOTE | |||
r-release-macos-x86_64 | 1.9.1 | 266.00 | NOTE | |||
r-release-windows-x86_64 | 1.9.1 | 143.00 | 222.00 | 365.00 | NOTE | |
r-oldrel-macos-arm64 | 1.9.1 | 92.00 | NOTE | |||
r-oldrel-windows-x86_64 | 1.9.1 | 136.00 | 224.00 | 360.00 | NOTE |
Version: 1.9.1
Check: for GNU extensions in Makefiles
Result: NOTE
GNU make is a SystemRequirements.
Flavors: r-devel-linux-x86_64-debian-clang, r-devel-linux-x86_64-debian-gcc, r-devel-linux-x86_64-fedora-clang, r-devel-linux-x86_64-fedora-gcc, r-prerel-macos-arm64, r-prerel-macos-x86_64, r-prerel-windows-x86_64, r-patched-linux-x86_64, r-release-linux-x86_64, r-release-macos-arm64, r-release-macos-x86_64, r-release-windows-x86_64, r-oldrel-macos-arm64, r-oldrel-windows-x86_64
Version: 1.9.1
Check: dependencies in R code
Result: NOTE
Namespace in Imports field not imported from: ‘scales’
All declared Imports should be used.
Flavors: r-devel-linux-x86_64-fedora-clang, r-devel-linux-x86_64-fedora-gcc
Version: 1.9.1
Check: installed package size
Result: NOTE
installed size is 36.5Mb
sub-directories of 1Mb or more:
libs 35.2Mb
Flavors: r-prerel-macos-arm64, r-prerel-macos-x86_64, r-release-macos-arm64, r-release-macos-x86_64, r-oldrel-macos-arm64