CRAN Package Check Results for Package TFisher

Last updated on 2025-04-30 01:50:39 CEST.

Flavor Version Tinstall Tcheck Ttotal Status Flags
r-devel-linux-x86_64-debian-clang 0.2.0 7.20 63.59 70.79 NOTE
r-devel-linux-x86_64-debian-gcc 0.2.0 5.41 46.63 52.04 NOTE
r-devel-linux-x86_64-fedora-clang 0.2.0 108.30 OK
r-devel-linux-x86_64-fedora-gcc 0.2.0 106.20 OK
r-devel-windows-x86_64 0.2.0 8.00 88.00 96.00 OK
r-patched-linux-x86_64 0.2.0 7.30 61.66 68.96 OK
r-release-linux-x86_64 0.2.0 6.56 61.69 68.25 OK
r-release-macos-arm64 0.2.0 41.00 OK
r-release-macos-x86_64 0.2.0 67.00 OK
r-release-windows-x86_64 0.2.0 7.00 84.00 91.00 OK
r-oldrel-macos-arm64 0.2.0 32.00 NOTE
r-oldrel-macos-x86_64 0.2.0 64.00 NOTE
r-oldrel-windows-x86_64 0.2.0 11.00 100.00 111.00 NOTE

Check Details

Version: 0.2.0
Check: CRAN incoming feasibility
Result: NOTE Maintainer: ‘Hong Zhang <hzhang@wpi.edu>’ No Authors@R field in DESCRIPTION. Please add one, modifying Authors@R: c(person(given = "Hong", family = "Zhang", role = c("aut", "cre"), email = "hzhang@wpi.edu"), person(given = "Zheyang", family = "Wu", role = "aut")) as necessary. Flavors: r-devel-linux-x86_64-debian-clang, r-devel-linux-x86_64-debian-gcc

Version: 0.2.0
Check: LazyData
Result: NOTE 'LazyData' is specified without a 'data' directory Flavors: r-oldrel-macos-arm64, r-oldrel-macos-x86_64, r-oldrel-windows-x86_64