Last updated on 2025-10-31 01:49:17 CET.
| Flavor | Version | Tinstall | Tcheck | Ttotal | Status | Flags | 
|---|---|---|---|---|---|---|
| r-devel-linux-x86_64-debian-clang | 1.0.0 | 2.39 | 30.28 | 32.67 | NOTE | |
| r-devel-linux-x86_64-debian-gcc | 1.0.0 | 1.91 | 22.49 | 24.40 | NOTE | |
| r-devel-linux-x86_64-fedora-clang | 1.0.0 | 48.11 | OK | |||
| r-devel-linux-x86_64-fedora-gcc | 1.0.0 | 47.30 | OK | |||
| r-devel-windows-x86_64 | 1.0.0 | 4.00 | 48.00 | 52.00 | OK | |
| r-patched-linux-x86_64 | 1.0.0 | 2.55 | 28.69 | 31.24 | OK | |
| r-release-linux-x86_64 | 1.0.0 | 2.35 | 28.80 | 31.15 | OK | |
| r-release-macos-arm64 | 1.0.0 | 1.00 | 18.00 | 19.00 | OK | |
| r-release-macos-x86_64 | 1.0.0 | 2.00 | 31.00 | 33.00 | OK | |
| r-release-windows-x86_64 | 1.0.0 | 4.00 | 49.00 | 53.00 | OK | |
| r-oldrel-macos-arm64 | 1.0.0 | 1.00 | 17.00 | 18.00 | OK | |
| r-oldrel-macos-x86_64 | 1.0.0 | 2.00 | 24.00 | 26.00 | OK | |
| r-oldrel-windows-x86_64 | 1.0.0 | 4.00 | 57.00 | 61.00 | OK | 
Version: 1.0.0
Check: CRAN incoming feasibility
Result: NOTE
  Maintainer: ‘Siyu Han <siyu.han@helmholtz-muenchen.de>’
  
  No Authors@R field in DESCRIPTION.
  Please add one, modifying
    Authors@R: c(person(given = "Siyu",
                        family = "Han",
                        role = c("aut", "cre"),
                        email = "siyu.han@helmholtz-muenchen.de"),
                 person(given = "Jialing",
                        family = "Huang",
                        role = "aut"),
                 person(given = "Francesco",
                        family = "Foppiano",
                        role = "aut"),
                 person(given = "Cornelia",
                        family = "Prehn",
                        role = "aut"),
                 person(given = "Jerzy",
                        family = "Adamski",
                        role = "aut"),
                 person(given = "Karsten",
                        family = "Suhre",
                        role = "aut"),
                 person(given = "Ying",
                        family = "Li",
                        role = "aut"),
                 person(given = "Giuseppe",
                        family = "Matullo",
                        role = "aut"),
                 person(given = "Freimut",
                        family = "Schliess",
                        role = "aut"),
                 person(given = "Christian",
                        family = "Gieger",
                        role = "aut"),
                 person(given = "Annette",
                        family = "Peters",
                        role = "aut"),
                 person(given = "Rui",
                        family = "Wang-Sattler",
                        role = "aut"))
  as necessary.
  
  Package CITATION file contains call(s) to old-style personList() or
  as.personList().  Please use c() on person objects instead.
  Package CITATION file contains call(s) to old-style citEntry().  Please
  use bibentry() instead.
Flavors: r-devel-linux-x86_64-debian-clang, r-devel-linux-x86_64-debian-gcc