CRAN Package Check Results for Package TITAN2

Last updated on 2022-07-05 02:53:42 CEST.

Flavor Version Tinstall Tcheck Ttotal Status Flags
r-devel-linux-x86_64-debian-clang 2.4.1 8.70 127.37 136.07 OK
r-devel-linux-x86_64-debian-gcc 2.4.1 7.05 93.22 100.27 OK
r-devel-linux-x86_64-fedora-clang 2.4.1 169.21 NOTE
r-devel-linux-x86_64-fedora-gcc 2.4.1 165.59 NOTE
r-devel-windows-x86_64 2.4.1 22.00 446.00 468.00 OK
r-patched-linux-x86_64 2.4.1 15.41 120.21 135.62 OK
r-release-linux-x86_64 2.4.1 7.78 118.94 126.72 OK
r-release-macos-arm64 2.4.1 52.00 NOTE
r-release-macos-x86_64 2.4.1 105.00 NOTE
r-release-windows-x86_64 2.4.1 22.00 485.00 507.00 OK
r-oldrel-macos-arm64 2.4.1 48.00 NOTE
r-oldrel-macos-x86_64 2.4.1 102.00 NOTE
r-oldrel-windows-ix86+x86_64 2.4.1 22.00 511.00 533.00 OK

Check Details

Version: 2.4.1
Check: dependencies in R code
Result: NOTE
    Namespace in Imports field not imported from: ‘snow’
     All declared Imports should be used.
Flavors: r-devel-linux-x86_64-fedora-clang, r-devel-linux-x86_64-fedora-gcc, r-release-macos-arm64, r-release-macos-x86_64, r-oldrel-macos-arm64, r-oldrel-macos-x86_64