CRAN Package Check Results for Package TMB

Last updated on 2020-06-06 11:51:58 CEST.

Flavor Version Tinstall Tcheck Ttotal Status Flags
r-devel-linux-x86_64-debian-clang 1.7.16 81.00 71.33 152.33 OK
r-devel-linux-x86_64-debian-gcc 1.7.16 59.96 55.72 115.68 OK
r-devel-linux-x86_64-fedora-clang 1.7.16 208.51 NOTE
r-devel-linux-x86_64-fedora-gcc 1.7.16 186.49 OK
r-devel-windows-ix86+x86_64 1.7.16 123.00 105.00 228.00 NOTE
r-patched-linux-x86_64 1.7.16 68.23 72.40 140.63 OK
r-patched-solaris-x86 1.7.16 206.10 OK
r-release-linux-x86_64 1.7.16 65.95 73.34 139.29 OK
r-release-osx-x86_64 1.7.16 NOTE
r-release-windows-ix86+x86_64 1.7.16 140.00 138.00 278.00 NOTE
r-oldrel-osx-x86_64 1.7.16 NOTE
r-oldrel-windows-ix86+x86_64 1.7.16 155.00 92.00 247.00 NOTE

Check Details

Version: 1.7.16
Check: installed package size
Result: NOTE
     installed size is 18.5Mb
     sub-directories of 1Mb or more:
     examples 15.0Mb
     include 3.0Mb
Flavors: r-devel-linux-x86_64-fedora-clang, r-devel-windows-ix86+x86_64, r-release-osx-x86_64, r-release-windows-ix86+x86_64, r-oldrel-osx-x86_64, r-oldrel-windows-ix86+x86_64