Last updated on 2024-03-28 01:54:13 CET.
Flavor | Version | Tinstall | Tcheck | Ttotal | Status | Flags |
---|---|---|---|---|---|---|
r-devel-linux-x86_64-debian-clang | 0.9.22 | 13.54 | 112.08 | 125.62 | OK | |
r-devel-linux-x86_64-debian-gcc | 0.9.22 | 10.00 | 87.98 | 97.98 | OK | |
r-devel-linux-x86_64-fedora-clang | 0.9.22 | 156.71 | NOTE | |||
r-devel-linux-x86_64-fedora-gcc | 0.9.22 | 163.36 | NOTE | |||
r-devel-windows-x86_64 | 0.9.22 | 13.00 | 141.00 | 154.00 | OK | |
r-patched-linux-x86_64 | 0.9.22 | 12.20 | 110.79 | 122.99 | OK | |
r-release-linux-x86_64 | 0.9.22 | 10.91 | 111.79 | 122.70 | OK | |
r-release-macos-arm64 | 0.9.22 | 61.00 | OK | |||
r-release-macos-x86_64 | 0.9.22 | 85.00 | OK | |||
r-release-windows-x86_64 | 0.9.22 | 16.00 | 329.00 | 345.00 | OK | |
r-oldrel-macos-arm64 | 0.9.22 | 49.00 | NOTE | |||
r-oldrel-windows-x86_64 | 0.9.22 | 19.00 | 155.00 | 174.00 | OK |
Version: 0.9.22
Check: data for non-ASCII characters
Result: NOTE
Note: found 153 marked Latin-1 strings
Note: found 108 marked UTF-8 strings
Flavors: r-devel-linux-x86_64-fedora-clang, r-devel-linux-x86_64-fedora-gcc, r-oldrel-macos-arm64