CRAN Package Check Results for Package TSclust

Last updated on 2020-06-06 23:47:21 CEST.

Flavor Version Tinstall Tcheck Ttotal Status Flags
r-devel-linux-x86_64-debian-clang 1.2.4 8.22 72.35 80.57 OK
r-devel-linux-x86_64-debian-gcc 1.2.4 7.36 55.15 62.51 OK
r-devel-linux-x86_64-fedora-clang 1.2.4 103.33 WARN
r-devel-linux-x86_64-fedora-gcc 1.2.4 94.56 OK
r-devel-windows-ix86+x86_64 1.2.4 29.00 92.00 121.00 OK
r-patched-linux-x86_64 1.2.4 8.91 71.80 80.71 OK
r-patched-solaris-x86 1.2.4 129.50 OK
r-release-linux-x86_64 1.2.4 9.50 72.28 81.78 OK
r-release-osx-x86_64 1.2.4 OK
r-release-windows-ix86+x86_64 1.2.4 37.00 116.00 153.00 OK
r-oldrel-osx-x86_64 1.2.4 WARN
r-oldrel-windows-ix86+x86_64 1.2.4 25.00 85.00 110.00 OK

Check Details

Version: 1.2.4
Check: package dependencies
Result: WARN
    Requires (indirectly) orphaned package: ‘ifultools’
Flavor: r-devel-linux-x86_64-fedora-clang

Version: 1.2.4
Check: whether package can be installed
Result: WARN
    Found the following significant warnings:
     Warning: 'rgl_init' failed, running with rgl.useNULL = TRUE
Flavor: r-oldrel-osx-x86_64