CRAN Package Check Results for Package TSdisaggregation

Last updated on 2025-11-20 03:50:27 CET.

Flavor Version Tinstall Tcheck Ttotal Status Flags
r-devel-linux-x86_64-debian-clang 2.0.0 6.01 56.54 62.55 NOTE
r-devel-linux-x86_64-debian-gcc 2.0.0 5.00 44.21 49.21 NOTE
r-devel-linux-x86_64-fedora-clang 2.0.0 13.00 83.31 96.31 NOTE
r-devel-linux-x86_64-fedora-gcc 2.0.0 13.00 78.82 91.82 NOTE
r-devel-windows-x86_64 2.0.0 9.00 83.00 92.00 NOTE
r-patched-linux-x86_64 2.0.0 6.30 54.20 60.50 NOTE
r-release-linux-x86_64 2.0.0 5.77 54.51 60.28 NOTE
r-release-macos-arm64 2.0.0 NOTE
r-release-macos-x86_64 2.0.0 5.00 49.00 54.00 NOTE
r-release-windows-x86_64 2.0.0 7.00 66.00 73.00 NOTE
r-oldrel-macos-arm64 2.0.0 NOTE
r-oldrel-macos-x86_64 2.0.0 5.00 38.00 43.00 NOTE
r-oldrel-windows-x86_64 2.0.0 10.00 90.00 100.00 NOTE

Check Details

Version: 2.0.0
Check: CRAN incoming feasibility
Result: NOTE Maintainer: ‘Luke Mosley <l.mosley@lancaster.ac.uk>’ The Description field contains <arXiv:2108.05783> for disaggregating low-frequency series in the Please refer to arXiv e-prints via their arXiv DOI <doi:10.48550/arXiv.YYMM.NNNNN>. Flavors: r-devel-linux-x86_64-debian-clang, r-devel-linux-x86_64-debian-gcc

Version: 2.0.0
Check: Rd files
Result: NOTE checkRd: (-1) TempDisaggDGP.Rd:79: Escaped LaTeX specials: \& checkRd: (-1) disaggregate.Rd:56: Escaped LaTeX specials: \& Flavors: r-devel-linux-x86_64-debian-clang, r-devel-linux-x86_64-debian-gcc, r-devel-linux-x86_64-fedora-clang, r-devel-linux-x86_64-fedora-gcc, r-devel-windows-x86_64, r-patched-linux-x86_64, r-release-linux-x86_64, r-release-macos-arm64, r-release-macos-x86_64, r-release-windows-x86_64, r-oldrel-macos-arm64, r-oldrel-macos-x86_64, r-oldrel-windows-x86_64