Last updated on 2024-04-19 01:59:05 CEST.
Flavor | Version | Tinstall | Tcheck | Ttotal | Status | Flags |
---|---|---|---|---|---|---|
r-devel-linux-x86_64-debian-clang | 2.0.0 | 9.19 | 70.21 | 79.40 | NOTE | |
r-devel-linux-x86_64-debian-gcc | 2.0.0 | 6.39 | 52.27 | 58.66 | NOTE | |
r-devel-linux-x86_64-fedora-clang | 2.0.0 | 95.91 | NOTE | |||
r-devel-linux-x86_64-fedora-gcc | 2.0.0 | 92.09 | NOTE | |||
r-prerel-macos-arm64 | 2.0.0 | 29.00 | NOTE | |||
r-prerel-windows-x86_64 | 2.0.0 | 7.00 | 66.00 | 73.00 | NOTE | |
r-patched-linux-x86_64 | 2.0.0 | 6.44 | 65.44 | 71.88 | NOTE | |
r-release-linux-x86_64 | 2.0.0 | 7.02 | 69.48 | 76.50 | NOTE | |
r-release-macos-arm64 | 2.0.0 | 30.00 | NOTE | |||
r-release-macos-x86_64 | 2.0.0 | 53.00 | NOTE | |||
r-release-windows-x86_64 | 2.0.0 | 9.00 | 241.00 | 250.00 | NOTE | |
r-oldrel-macos-arm64 | 2.0.0 | 33.00 | OK | |||
r-oldrel-windows-x86_64 | 2.0.0 | 10.00 | 82.00 | 92.00 | OK |
Version: 2.0.0
Check: Rd files
Result: NOTE
checkRd: (-1) TempDisaggDGP.Rd:79: Escaped LaTeX specials: \&
checkRd: (-1) disaggregate.Rd:56: Escaped LaTeX specials: \&
Flavors: r-devel-linux-x86_64-debian-clang, r-devel-linux-x86_64-debian-gcc, r-devel-linux-x86_64-fedora-clang, r-devel-linux-x86_64-fedora-gcc, r-prerel-macos-arm64, r-prerel-windows-x86_64, r-patched-linux-x86_64, r-release-linux-x86_64, r-release-macos-arm64, r-release-macos-x86_64, r-release-windows-x86_64