Last updated on 2025-10-31 01:49:18 CET.
| Flavor | Version | Tinstall | Tcheck | Ttotal | Status | Flags | 
|---|---|---|---|---|---|---|
| r-devel-linux-x86_64-debian-clang | 1.1 | 6.82 | 72.27 | 79.09 | NOTE | |
| r-devel-linux-x86_64-debian-gcc | 1.1 | 5.15 | 53.45 | 58.60 | NOTE | |
| r-devel-linux-x86_64-fedora-clang | 1.1 | 16.00 | 106.37 | 122.37 | OK | |
| r-devel-linux-x86_64-fedora-gcc | 1.1 | 16.00 | 102.39 | 118.39 | OK | |
| r-devel-windows-x86_64 | 1.1 | 8.00 | 83.00 | 91.00 | OK | |
| r-patched-linux-x86_64 | 1.1 | 7.72 | 69.59 | 77.31 | OK | |
| r-release-linux-x86_64 | 1.1 | 7.34 | 69.73 | 77.07 | OK | |
| r-release-macos-arm64 | 1.1 | 4.00 | 40.00 | 44.00 | OK | |
| r-release-macos-x86_64 | 1.1 | 7.00 | 72.00 | 79.00 | OK | |
| r-release-windows-x86_64 | 1.1 | 8.00 | 80.00 | 88.00 | OK | |
| r-oldrel-macos-arm64 | 1.1 | 4.00 | 35.00 | 39.00 | OK | |
| r-oldrel-macos-x86_64 | 1.1 | 5.00 | 49.00 | 54.00 | OK | |
| r-oldrel-windows-x86_64 | 1.1 | 10.00 | 101.00 | 111.00 | OK | 
Version: 1.1
Check: CRAN incoming feasibility
Result: NOTE
  Maintainer: ‘Antonio Meneses <antoniomenesesfreire@hotmail.com>’
  
  No Authors@R field in DESCRIPTION.
  Please add one, modifying
    Authors@R: c(person(given = "Antonio",
                        family = "Meneses",
                        role = c("aut", "cre"),
                        email = "antoniomenesesfreire@hotmail.com"),
                 person(given = "Salvador",
                        family = "Naya",
                        role = "aut",
                        email = "salva@udc.es"),
                 person(given = "Javier",
                        family = "Tarrio-Saavedra",
                        role = "aut",
                        email = "jtarrio@udc.es"))
  as necessary.
Flavors: r-devel-linux-x86_64-debian-clang, r-devel-linux-x86_64-debian-gcc